Last updated on 2025-11-12 01:49:10 CET.
| Flavor | Version | Tinstall | Tcheck | Ttotal | Status | Flags |
|---|---|---|---|---|---|---|
| r-devel-linux-x86_64-debian-clang | 0.4-17 | 68.69 | 50.59 | 119.28 | NOTE | |
| r-devel-linux-x86_64-debian-gcc | 0.4-17 | 52.38 | 37.66 | 90.04 | NOTE | |
| r-devel-linux-x86_64-fedora-clang | 0.4-17 | 225.00 | 62.68 | 287.68 | OK | |
| r-devel-linux-x86_64-fedora-gcc | 0.4-17 | 255.00 | -37.90 | 217.10 | OK | |
| r-devel-windows-x86_64 | 0.4-17 | 98.00 | 104.00 | 202.00 | OK | |
| r-patched-linux-x86_64 | 0.4-17 | 76.97 | 48.54 | 125.51 | NOTE | |
| r-release-linux-x86_64 | 0.4-17 | 70.67 | 48.33 | 119.00 | NOTE | |
| r-release-macos-arm64 | 0.4-17 | 33.00 | 26.00 | 59.00 | OK | |
| r-release-macos-x86_64 | 0.4-17 | 32.00 | 53.00 | 85.00 | OK | |
| r-release-windows-x86_64 | 0.4-17 | 100.00 | 103.00 | 203.00 | OK | |
| r-oldrel-macos-arm64 | 0.4-17 | 30.00 | 24.00 | 54.00 | NOTE | |
| r-oldrel-macos-x86_64 | 0.4-17 | 25.00 | 41.00 | 66.00 | NOTE | |
| r-oldrel-windows-x86_64 | 0.4-17 | 102.00 | 118.00 | 220.00 | OK |
Version: 0.4-17
Check: for unstated dependencies in ‘demo’
Result: NOTE
'library' or 'require' call not declared from: ‘plot3D’
Flavors: r-devel-linux-x86_64-debian-clang, r-devel-linux-x86_64-debian-gcc, r-patched-linux-x86_64, r-release-linux-x86_64
Version: 0.4-17
Check: installed package size
Result: NOTE
installed size is 7.2Mb
sub-directories of 1Mb or more:
libs 6.2Mb
Flavors: r-oldrel-macos-arm64, r-oldrel-macos-x86_64