Last updated on 2025-11-12 01:49:09 CET.
| Flavor | Version | Tinstall | Tcheck | Ttotal | Status | Flags |
|---|---|---|---|---|---|---|
| r-devel-linux-x86_64-debian-clang | 3.2.5 | 26.51 | 262.32 | 288.83 | OK | |
| r-devel-linux-x86_64-debian-gcc | 3.2.5 | 15.99 | 175.80 | 191.79 | OK | |
| r-devel-linux-x86_64-fedora-clang | 3.2.5 | 134.00 | 337.33 | 471.33 | OK | |
| r-devel-linux-x86_64-fedora-gcc | 3.2.5 | 68.00 | 386.71 | 454.71 | OK | |
| r-devel-windows-x86_64 | 3.2.5 | 31.00 | 265.00 | 296.00 | OK | |
| r-patched-linux-x86_64 | 3.2.5 | 27.93 | 252.12 | 280.05 | OK | |
| r-release-linux-x86_64 | 3.2.5 | 24.91 | 249.80 | 274.71 | OK | |
| r-release-macos-arm64 | 3.2.5 | 12.00 | 116.00 | 128.00 | OK | |
| r-release-macos-x86_64 | 3.2.5 | 25.00 | 179.00 | 204.00 | OK | |
| r-release-windows-x86_64 | 3.2.5 | 29.00 | 258.00 | 287.00 | OK | |
| r-oldrel-macos-arm64 | 3.2.5 | 11.00 | 125.00 | 136.00 | NOTE | |
| r-oldrel-macos-x86_64 | 3.2.5 | 27.00 | 244.00 | 271.00 | NOTE | |
| r-oldrel-windows-x86_64 | 3.2.5 | 40.00 | 345.00 | 385.00 | NOTE |
Version: 3.2.5
Check: installed package size
Result: NOTE
installed size is 5.1Mb
sub-directories of 1Mb or more:
doc 4.2Mb
Flavors: r-oldrel-macos-arm64, r-oldrel-macos-x86_64, r-oldrel-windows-x86_64