Last updated on 2025-11-11 02:50:52 CET.
| Flavor | Version | Tinstall | Tcheck | Ttotal | Status | Flags |
|---|---|---|---|---|---|---|
| r-devel-linux-x86_64-debian-clang | 1.0.0 | 2.05 | 37.51 | 39.56 | OK | |
| r-devel-linux-x86_64-debian-gcc | 1.0.0 | 1.62 | 29.91 | 31.53 | OK | |
| r-devel-linux-x86_64-fedora-clang | 1.0.0 | 65.24 | OK | |||
| r-devel-linux-x86_64-fedora-gcc | 1.0.0 | 72.95 | OK | |||
| r-devel-windows-x86_64 | 1.0.0 | 5.00 | 57.00 | 62.00 | OK | |
| r-patched-linux-x86_64 | 1.0.0 | 2.37 | 35.85 | 38.22 | OK | |
| r-release-linux-x86_64 | 1.0.0 | 2.03 | 36.01 | 38.04 | OK | |
| r-release-macos-arm64 | 1.0.0 | 1.00 | 37.00 | 38.00 | OK | |
| r-release-macos-x86_64 | 1.0.0 | 2.00 | 74.00 | 76.00 | OK | |
| r-release-windows-x86_64 | 1.0.0 | 4.00 | 54.00 | 58.00 | OK | |
| r-oldrel-macos-arm64 | 1.0.0 | 1.00 | 24.00 | 25.00 | NOTE | |
| r-oldrel-macos-x86_64 | 1.0.0 | 1.00 | 38.00 | 39.00 | NOTE | |
| r-oldrel-windows-x86_64 | 1.0.0 | 5.00 | 66.00 | 71.00 | NOTE |
Version: 1.0.0
Check: LazyData
Result: NOTE
'LazyData' is specified without a 'data' directory
Flavors: r-oldrel-macos-arm64, r-oldrel-macos-x86_64, r-oldrel-windows-x86_64