Last updated on 2025-11-11 23:51:37 CET.
| Flavor | Version | Tinstall | Tcheck | Ttotal | Status | Flags |
|---|---|---|---|---|---|---|
| r-devel-linux-x86_64-debian-clang | 1.8.0 | 25.01 | 38.01 | 63.02 | OK | |
| r-devel-linux-x86_64-debian-gcc | 1.8.0 | 21.31 | 29.05 | 50.36 | OK | |
| r-devel-linux-x86_64-fedora-clang | 1.8.0 | 56.00 | 40.48 | 96.48 | OK | |
| r-devel-linux-x86_64-fedora-gcc | 1.8.0 | 74.00 | 40.07 | 114.07 | OK | |
| r-devel-windows-x86_64 | 1.8.0 | 28.00 | 81.00 | 109.00 | OK | |
| r-patched-linux-x86_64 | 1.8.0 | 28.62 | 35.12 | 63.74 | OK | |
| r-release-linux-x86_64 | 1.8.0 | 28.08 | 34.77 | 62.85 | OK | |
| r-release-macos-arm64 | 1.8.0 | 21.00 | 32.00 | 53.00 | OK | |
| r-release-macos-x86_64 | 1.8.0 | 32.00 | 36.00 | 68.00 | OK | |
| r-release-windows-x86_64 | 1.8.0 | 31.00 | 82.00 | 113.00 | OK | |
| r-oldrel-macos-arm64 | 1.8.0 | 16.00 | 47.00 | 63.00 | NOTE | |
| r-oldrel-macos-x86_64 | 1.8.0 | 41.00 | 79.00 | 120.00 | NOTE | |
| r-oldrel-windows-x86_64 | 1.8.0 | 42.00 | 92.00 | 134.00 | OK |
Version: 1.8.0
Check: installed package size
Result: NOTE
installed size is 5.1Mb
sub-directories of 1Mb or more:
libs 4.0Mb
Flavors: r-oldrel-macos-arm64, r-oldrel-macos-x86_64