Last updated on 2025-11-12 01:49:09 CET.
| Flavor | Version | Tinstall | Tcheck | Ttotal | Status | Flags |
|---|---|---|---|---|---|---|
| r-devel-linux-x86_64-debian-clang | 1.2.2 | 107.58 | 47.67 | 155.25 | OK | |
| r-devel-linux-x86_64-debian-gcc | 1.2.2 | 64.08 | 35.50 | 99.58 | OK | |
| r-devel-linux-x86_64-fedora-clang | 1.2.2 | 119.00 | 178.89 | 297.89 | OK | |
| r-devel-linux-x86_64-fedora-gcc | 1.2.2 | 124.00 | 128.60 | 252.60 | OK | |
| r-devel-windows-x86_64 | 1.2.2 | 129.00 | 86.00 | 215.00 | OK | |
| r-patched-linux-x86_64 | 1.2.2 | 101.95 | 44.47 | 146.42 | OK | |
| r-release-linux-x86_64 | 1.2.2 | 98.36 | 44.02 | 142.38 | OK | |
| r-release-macos-arm64 | 1.2.2 | 39.00 | 26.00 | 65.00 | OK | |
| r-release-macos-x86_64 | 1.2.2 | 43.00 | 48.00 | 91.00 | OK | |
| r-release-windows-x86_64 | 1.2.2 | 123.00 | 93.00 | 216.00 | OK | |
| r-oldrel-macos-arm64 | 1.2.2 | 40.00 | 29.00 | 69.00 | NOTE | |
| r-oldrel-macos-x86_64 | 1.2.2 | 39.00 | 62.00 | 101.00 | NOTE | |
| r-oldrel-windows-x86_64 | 1.2.2 | 150.00 | 105.00 | 255.00 | OK |
Version: 1.2.2
Check: installed package size
Result: NOTE
installed size is 6.3Mb
sub-directories of 1Mb or more:
libs 6.2Mb
Flavors: r-oldrel-macos-arm64, r-oldrel-macos-x86_64