CRAN Package Check Results for Package RGremlinsConjoint

Last updated on 2025-11-12 01:49:09 CET.

Flavor Version Tinstall Tcheck Ttotal Status Flags
r-devel-linux-x86_64-debian-clang 0.9.1 3.07 38.98 42.05 NOTE
r-devel-linux-x86_64-debian-gcc 0.9.1 2.24 30.33 32.57 NOTE
r-devel-linux-x86_64-fedora-clang 0.9.1 11.00 54.53 65.53 NOTE
r-devel-linux-x86_64-fedora-gcc 0.9.1 14.00 63.49 77.49 NOTE
r-devel-windows-x86_64 0.9.1 5.00 61.00 66.00 NOTE
r-patched-linux-x86_64 0.9.1 3.12 35.91 39.03 NOTE
r-release-linux-x86_64 0.9.1 2.87 36.05 38.92 NOTE
r-release-macos-arm64 0.9.1 2.00 36.00 38.00 NOTE
r-release-macos-x86_64 0.9.1 3.00 54.00 57.00 NOTE
r-release-windows-x86_64 0.9.1 5.00 59.00 64.00 NOTE
r-oldrel-macos-arm64 0.9.1 2.00 28.00 30.00 NOTE
r-oldrel-macos-x86_64 0.9.1 2.00 39.00 41.00 NOTE
r-oldrel-windows-x86_64 0.9.1 7.00 74.00 81.00 NOTE

Check Details

Version: 0.9.1
Check: Rd files
Result: NOTE checkRd: (-1) code_sawtooth_design.Rd:53: Lost braces 53 | /url{http://www.sawtoothsoftware.com/help/lighthouse-studio/manual/index.html?hid_web_cbc_exporting.html} | ^ Flavors: r-devel-linux-x86_64-debian-clang, r-devel-linux-x86_64-debian-gcc, r-devel-linux-x86_64-fedora-clang, r-devel-linux-x86_64-fedora-gcc, r-devel-windows-x86_64, r-patched-linux-x86_64, r-release-linux-x86_64, r-release-macos-arm64, r-release-macos-x86_64, r-release-windows-x86_64, r-oldrel-macos-arm64, r-oldrel-macos-x86_64, r-oldrel-windows-x86_64