Last updated on 2025-11-11 23:51:36 CET.
| Flavor | Version | Tinstall | Tcheck | Ttotal | Status | Flags |
|---|---|---|---|---|---|---|
| r-devel-linux-x86_64-debian-clang | 1.1 | 11.48 | 86.63 | 98.11 | NOTE | |
| r-devel-linux-x86_64-debian-gcc | 1.1 | 6.63 | 61.39 | 68.02 | NOTE | |
| r-devel-linux-x86_64-fedora-clang | 1.1 | 24.00 | 125.75 | 149.75 | OK | |
| r-devel-linux-x86_64-fedora-gcc | 1.1 | 24.00 | 115.74 | 139.74 | OK | |
| r-devel-windows-x86_64 | 1.1 | 13.00 | 91.00 | 104.00 | OK | |
| r-patched-linux-x86_64 | 1.1 | 10.17 | 79.47 | 89.64 | OK | |
| r-release-linux-x86_64 | 1.1 | 10.16 | 80.33 | 90.49 | OK | |
| r-release-macos-arm64 | 1.1 | 5.00 | 37.00 | 42.00 | OK | |
| r-release-macos-x86_64 | 1.1 | 9.00 | 67.00 | 76.00 | OK | |
| r-release-windows-x86_64 | 1.1 | 11.00 | 90.00 | 101.00 | OK | |
| r-oldrel-macos-arm64 | 1.1 | 4.00 | 34.00 | 38.00 | NOTE | |
| r-oldrel-macos-x86_64 | 1.1 | 7.00 | 54.00 | 61.00 | NOTE | |
| r-oldrel-windows-x86_64 | 1.1 | 15.00 | 111.00 | 126.00 | NOTE |
Version: 1.1
Check: CRAN incoming feasibility
Result: NOTE
Maintainer: ‘Serguei Rouzinov <rouzinovs@gmail.com>’
No Authors@R field in DESCRIPTION.
Please add one, modifying
Authors@R: c(person(given = "Serguei",
family = "Rouzinov",
role = c("aut", "cre"),
email = "rouzinovs@gmail.com"),
person(given = "André",
family = "Berchtold",
role = "aut"))
as necessary.
Flavors: r-devel-linux-x86_64-debian-clang, r-devel-linux-x86_64-debian-gcc
Version: 1.1
Check: LazyData
Result: NOTE
'LazyData' is specified without a 'data' directory
Flavors: r-oldrel-macos-arm64, r-oldrel-macos-x86_64, r-oldrel-windows-x86_64