Last updated on 2025-11-12 01:49:08 CET.
| Flavor | Version | Tinstall | Tcheck | Ttotal | Status | Flags |
|---|---|---|---|---|---|---|
| r-devel-linux-x86_64-debian-clang | 1.3 | 10.84 | 92.75 | 103.59 | OK | |
| r-devel-linux-x86_64-debian-gcc | 1.3 | 7.31 | 68.77 | 76.08 | OK | |
| r-devel-linux-x86_64-fedora-clang | 1.3 | 31.00 | 128.51 | 159.51 | OK | |
| r-devel-linux-x86_64-fedora-gcc | 1.3 | 25.00 | 125.94 | 150.94 | OK | |
| r-devel-windows-x86_64 | 1.3 | 12.00 | 93.00 | 105.00 | OK | |
| r-patched-linux-x86_64 | 1.3 | 10.57 | 87.72 | 98.29 | OK | |
| r-release-linux-x86_64 | 1.3 | 9.57 | 87.78 | 97.35 | OK | |
| r-release-macos-arm64 | 1.3 | 4.00 | 33.00 | 37.00 | OK | |
| r-release-macos-x86_64 | 1.3 | 10.00 | 78.00 | 88.00 | OK | |
| r-release-windows-x86_64 | 1.3 | 12.00 | 92.00 | 104.00 | ERROR | |
| r-oldrel-macos-arm64 | 1.3 | 4.00 | 42.00 | 46.00 | OK | |
| r-oldrel-macos-x86_64 | 1.3 | 11.00 | 79.00 | 90.00 | OK | |
| r-oldrel-windows-x86_64 | 1.3 | 15.00 | 120.00 | 135.00 | OK |
Version: 1.3
Check: tests
Result: ERROR
Running 'run-all.R' [4s]
Running the tests in 'tests/run-all.R' failed.
Complete output:
> library(testthat)
> library(mlr)
Loading required package: ParamHelpers
>
> test_check("RBPcurve")
Loading required package: RBPcurve
[ FAIL 1 | WARN 0 | SKIP 0 | PASS 11 ]
══ Failed tests ════════════════════════════════════════════════════════════════
── Error ('test_add.R:18:9'): add_functions ────────────────────────────────────
Error in `rect(y1, x1, y2, x2, ...)`: invalid graphics state
Backtrace:
▆
1. └─RBPcurve (local) checkAdd(fun = k, obj = obj, plot.values = i, show.info = j) at test_add.R:18:9
2. ├─base::do.call(fun, fun.arg) at test_add.R:9:3
3. └─RBPcurve::addWellCalib(obj = `<S3: RBPObj>`, plot.values = TRUE)
4. ├─TeachingDemos::subplot(...)
5. ├─base::do.call(...)
6. ├─graphics::barplot(...)
7. └─graphics::barplot.default(...)
8. └─graphics (local) xyrect(...)
9. └─graphics::rect(y1, x1, y2, x2, ...)
[ FAIL 1 | WARN 0 | SKIP 0 | PASS 11 ]
Error: Test failures
Execution halted
Flavor: r-release-windows-x86_64