CRAN Package Check Results for Package QuESTr

Last updated on 2025-11-12 01:49:07 CET.

Flavor Version Tinstall Tcheck Ttotal Status Flags
r-devel-linux-x86_64-debian-clang 0.1.1 6.96 86.77 93.73 NOTE
r-devel-linux-x86_64-debian-gcc 0.1.1 5.22 59.85 65.07 NOTE
r-devel-linux-x86_64-fedora-clang 0.1.1 15.00 136.36 151.36 OK
r-devel-linux-x86_64-fedora-gcc 0.1.1 16.00 136.23 152.23 OK
r-devel-windows-x86_64 0.1.1 10.00 89.00 99.00 OK
r-patched-linux-x86_64 0.1.1 7.45 80.14 87.59 OK
r-release-linux-x86_64 0.1.1 7.61 79.77 87.38 OK
r-release-macos-arm64 0.1.1 3.00 40.00 43.00 OK
r-release-macos-x86_64 0.1.1 6.00 76.00 82.00 OK
r-release-windows-x86_64 0.1.1 10.00 87.00 97.00 OK
r-oldrel-macos-arm64 0.1.1 3.00 40.00 43.00 OK
r-oldrel-macos-x86_64 0.1.1 5.00 61.00 66.00 OK
r-oldrel-windows-x86_64 0.1.1 11.00 110.00 121.00 OK

Check Details

Version: 0.1.1
Check: CRAN incoming feasibility
Result: NOTE Maintainer: ‘Takahiko Koizumi <takahiko.koizumi@riken.jp>’ No Authors@R field in DESCRIPTION. Please add one, modifying Authors@R: c(person(given = "Takahiko", family = "Koizumi", role = c("aut", "cre"), email = "takahiko.koizumi@riken.jp"), person(given = "Kenta", family = "Suzuki", role = "aut"), person(given = "Yasunori", family = "Ichihashi", role = "aut")) as necessary. Flavors: r-devel-linux-x86_64-debian-clang, r-devel-linux-x86_64-debian-gcc