Last updated on 2025-11-12 01:49:07 CET.
| Flavor | Version | Tinstall | Tcheck | Ttotal | Status | Flags |
|---|---|---|---|---|---|---|
| r-devel-linux-x86_64-debian-clang | 0.0.5 | 32.72 | 42.86 | 75.58 | NOTE | |
| r-devel-linux-x86_64-debian-gcc | 0.1.0 | 22.29 | 37.12 | 59.41 | OK | |
| r-devel-linux-x86_64-fedora-clang | 0.1.0 | 188.00 | -38.27 | 149.73 | OK | |
| r-devel-linux-x86_64-fedora-gcc | 0.1.0 | 36.00 | 108.95 | 144.95 | OK | |
| r-devel-windows-x86_64 | 0.0.5 | 112.00 | 78.00 | 190.00 | NOTE | |
| r-patched-linux-x86_64 | 0.0.5 | 33.43 | 40.27 | 73.70 | NOTE | |
| r-release-linux-x86_64 | 0.0.5 | 32.15 | 40.11 | 72.26 | NOTE | |
| r-release-macos-arm64 | 0.1.0 | 15.00 | 33.00 | 48.00 | OK | |
| r-release-macos-x86_64 | 0.1.0 | 22.00 | 79.00 | 101.00 | OK | |
| r-release-windows-x86_64 | 0.0.5 | 112.00 | 73.00 | 185.00 | NOTE | |
| r-oldrel-macos-arm64 | 0.1.0 | 15.00 | 37.00 | 52.00 | OK | |
| r-oldrel-macos-x86_64 | 0.1.0 | 20.00 | 76.00 | 96.00 | OK | |
| r-oldrel-windows-x86_64 | 0.0.5 | 114.00 | 85.00 | 199.00 | OK |
Version: 0.0.5
Check: DESCRIPTION meta-information
Result: NOTE
Missing dependency on R >= 4.1.0 because package code uses the pipe
|> or function shorthand \(...) syntax added in R 4.1.0.
File(s) using such syntax:
‘cell.R’ ‘command.R’ ‘instrument.R’ ‘io.R’ ‘modplug.R’ ‘note.R’
‘render.R’ ‘s3.R’ ‘select_ops.R’
Flavors: r-devel-linux-x86_64-debian-clang, r-devel-windows-x86_64, r-patched-linux-x86_64, r-release-linux-x86_64, r-release-windows-x86_64