CRAN Package Check Results for Package PosteriorBootstrap

Last updated on 2025-11-12 01:49:06 CET.

Flavor Version Tinstall Tcheck Ttotal Status Flags
r-devel-linux-x86_64-debian-clang 0.1.2 1.70 452.70 454.40 NOTE
r-devel-linux-x86_64-debian-gcc 0.1.2 1.48 385.52 387.00 NOTE
r-devel-linux-x86_64-fedora-clang 0.1.2 688.60 OK
r-devel-linux-x86_64-fedora-gcc 0.1.2 794.73 OK
r-devel-windows-x86_64 0.1.2 4.00 62.00 66.00 OK
r-patched-linux-x86_64 0.1.2 1.88 508.62 510.50 OK
r-release-linux-x86_64 0.1.2 1.54 483.23 484.77 OK
r-release-macos-arm64 0.1.2 2.00 338.00 340.00 OK
r-release-macos-x86_64 0.1.2 3.00 869.00 872.00 OK
r-release-windows-x86_64 0.1.2 5.00 60.00 65.00 OK
r-oldrel-macos-arm64 0.1.2 2.00 243.00 245.00 OK
r-oldrel-macos-x86_64 0.1.2 3.00 450.00 453.00 OK
r-oldrel-windows-x86_64 0.1.2 6.00 73.00 79.00 OK

Check Details

Version: 0.1.2
Check: CRAN incoming feasibility
Result: NOTE Maintainer: ‘James Robinson <james.em.robinson@gmail.com>’ The Description field contains <arXiv:1806.11544>. Please refer to arXiv e-prints via their arXiv DOI <doi:10.48550/arXiv.YYMM.NNNNN>. Flavors: r-devel-linux-x86_64-debian-clang, r-devel-linux-x86_64-debian-gcc