Last updated on 2025-11-12 01:49:05 CET.
| Flavor | Version | Tinstall | Tcheck | Ttotal | Status | Flags |
|---|---|---|---|---|---|---|
| r-devel-linux-x86_64-debian-clang | 0.1.0 | 4.90 | 37.17 | 42.07 | NOTE | |
| r-devel-linux-x86_64-debian-gcc | 0.1.0 | 4.19 | 28.51 | 32.70 | NOTE | |
| r-devel-linux-x86_64-fedora-clang | 0.1.0 | 11.00 | 56.64 | 67.64 | NOTE | |
| r-devel-linux-x86_64-fedora-gcc | 0.1.0 | 12.00 | 65.47 | 77.47 | NOTE | |
| r-devel-windows-x86_64 | 0.1.0 | 8.00 | 56.00 | 64.00 | NOTE | |
| r-patched-linux-x86_64 | 0.1.0 | 5.82 | 35.11 | 40.93 | NOTE | |
| r-release-linux-x86_64 | 0.1.0 | 5.34 | 35.54 | 40.88 | NOTE | |
| r-release-macos-arm64 | 0.1.0 | 3.00 | 30.00 | 33.00 | NOTE | |
| r-release-macos-x86_64 | 0.1.0 | 6.00 | 47.00 | 53.00 | NOTE | |
| r-release-windows-x86_64 | 0.1.0 | 8.00 | 54.00 | 62.00 | NOTE | |
| r-oldrel-macos-arm64 | 0.1.0 | 3.00 | 25.00 | 28.00 | NOTE | |
| r-oldrel-macos-x86_64 | 0.1.0 | 5.00 | 37.00 | 42.00 | NOTE | |
| r-oldrel-windows-x86_64 | 0.1.0 | 9.00 | 62.00 | 71.00 | NOTE |
Version: 0.1.0
Check: Rd files
Result: NOTE
checkRd: (-1) PakPMICS2018mn.Rd:243: Lost braces in \enumerate; meant \describe ?
checkRd: (-1) PakPMICS2018mn.Rd:244: Lost braces in \enumerate; meant \describe ?
Flavors: r-devel-linux-x86_64-debian-clang, r-devel-linux-x86_64-debian-gcc, r-devel-linux-x86_64-fedora-clang, r-devel-linux-x86_64-fedora-gcc, r-devel-windows-x86_64, r-patched-linux-x86_64, r-release-linux-x86_64, r-release-macos-arm64, r-release-macos-x86_64, r-release-windows-x86_64, r-oldrel-macos-arm64, r-oldrel-macos-x86_64, r-oldrel-windows-x86_64