CRAN Package Check Results for Package PakPMICS2018bh

Last updated on 2025-11-11 23:51:33 CET.

Flavor Version Tinstall Tcheck Ttotal Status Flags
r-devel-linux-x86_64-debian-clang 0.1.0 4.88 36.18 41.06 NOTE
r-devel-linux-x86_64-debian-gcc 0.1.0 3.60 27.64 31.24 NOTE
r-devel-linux-x86_64-fedora-clang 0.1.0 11.00 54.37 65.37 NOTE
r-devel-linux-x86_64-fedora-gcc 0.1.0 11.00 63.73 74.73 NOTE
r-devel-windows-x86_64 0.1.0 7.00 54.00 61.00 NOTE
r-patched-linux-x86_64 0.1.0 5.33 34.17 39.50 NOTE
r-release-linux-x86_64 0.1.0 4.46 33.74 38.20 NOTE
r-release-macos-arm64 0.1.0 3.00 30.00 33.00 NOTE
r-release-macos-x86_64 0.1.0 5.00 49.00 54.00 NOTE
r-release-windows-x86_64 0.1.0 7.00 52.00 59.00 NOTE
r-oldrel-macos-arm64 0.1.0 4.00 26.00 30.00 NOTE
r-oldrel-macos-x86_64 0.1.0 5.00 37.00 42.00 NOTE
r-oldrel-windows-x86_64 0.1.0 9.00 61.00 70.00 NOTE

Check Details

Version: 0.1.0
Check: CRAN incoming feasibility
Result: NOTE Maintainer: ‘Muhammad Yaseen <myaseen208@gmail.com>’ No Authors@R field in DESCRIPTION. Please add one, modifying Authors@R: c(person(given = "Muhammad", family = "Yaseen", role = c("aut", "cre"), email = "myaseen208@gmail.com"), person(given = "Muhammad", family = "Usman", role = "ctb")) as necessary. Flavors: r-devel-linux-x86_64-debian-clang, r-devel-linux-x86_64-debian-gcc

Version: 0.1.0
Check: Rd files
Result: NOTE checkRd: (-1) PakPMICS2018bh.Rd:88: Lost braces in \enumerate; meant \describe ? checkRd: (-1) PakPMICS2018bh.Rd:89: Lost braces in \enumerate; meant \describe ? Flavors: r-devel-linux-x86_64-debian-clang, r-devel-linux-x86_64-debian-gcc, r-devel-linux-x86_64-fedora-clang, r-devel-linux-x86_64-fedora-gcc, r-devel-windows-x86_64, r-patched-linux-x86_64, r-release-linux-x86_64, r-release-macos-arm64, r-release-macos-x86_64, r-release-windows-x86_64, r-oldrel-macos-arm64, r-oldrel-macos-x86_64, r-oldrel-windows-x86_64