Last updated on 2025-11-12 01:49:07 CET.
| Flavor | Version | Tinstall | Tcheck | Ttotal | Status | Flags |
|---|---|---|---|---|---|---|
| r-devel-linux-x86_64-debian-clang | 0.2-7 | 8.81 | 98.44 | 107.25 | NOTE | |
| r-devel-linux-x86_64-debian-gcc | 0.2-7 | 6.38 | 70.21 | 76.59 | NOTE | |
| r-devel-linux-x86_64-fedora-clang | 0.2-7 | 20.00 | 148.36 | 168.36 | OK | |
| r-devel-linux-x86_64-fedora-gcc | 0.2-7 | 21.00 | 149.47 | 170.47 | OK | |
| r-devel-windows-x86_64 | 0.2-7 | 12.00 | 114.00 | 126.00 | OK | |
| r-patched-linux-x86_64 | 0.2-7 | 9.64 | 92.65 | 102.29 | OK | |
| r-release-linux-x86_64 | 0.2-7 | 9.48 | 92.62 | 102.10 | OK | |
| r-release-macos-arm64 | 0.2-7 | 4.00 | 46.00 | 50.00 | OK | |
| r-release-macos-x86_64 | 0.2-7 | 8.00 | 86.00 | 94.00 | OK | |
| r-release-windows-x86_64 | 0.2-7 | 12.00 | 112.00 | 124.00 | OK | |
| r-oldrel-macos-arm64 | 0.2-7 | 4.00 | 45.00 | 49.00 | OK | |
| r-oldrel-macos-x86_64 | 0.2-7 | 7.00 | 69.00 | 76.00 | OK | |
| r-oldrel-windows-x86_64 | 0.2-7 | 15.00 | 141.00 | 156.00 | OK |
Version: 0.2-7
Check: CRAN incoming feasibility
Result: NOTE
Maintainer: ‘Tammo Krueger <tammokrueger@googlemail.com>’
No Authors@R field in DESCRIPTION.
Please add one, modifying
Authors@R: c(person(given = "Tammo",
family = "Krueger",
role = c("aut", "cre"),
email = "tammokrueger@googlemail.com"),
person(given = "Nicole",
family = "Kraemer",
role = "aut"))
as necessary.
Flavors: r-devel-linux-x86_64-debian-clang, r-devel-linux-x86_64-debian-gcc