CRAN Package Check Results for Package POMaSPU

Last updated on 2025-11-12 01:49:06 CET.

Flavor Version Tinstall Tcheck Ttotal Status Flags
r-devel-linux-x86_64-debian-clang 1.0.0 22.66 24.69 47.35 NOTE
r-devel-linux-x86_64-debian-gcc 1.0.0 12.86 20.02 32.88 NOTE
r-devel-linux-x86_64-fedora-clang 1.0.0 55.00 28.99 83.99 OK
r-devel-linux-x86_64-fedora-gcc 1.0.0 47.00 26.52 73.52 OK
r-devel-windows-x86_64 1.0.0 28.00 58.00 86.00 OK
r-patched-linux-x86_64 1.0.0 21.24 23.67 44.91 OK
r-release-linux-x86_64 1.0.0 22.42 23.66 46.08 OK
r-release-macos-arm64 1.0.0 9.00 18.00 27.00 OK
r-release-macos-x86_64 1.0.0 14.00 26.00 40.00 OK
r-release-windows-x86_64 1.0.0 28.00 58.00 86.00 OK
r-oldrel-macos-arm64 1.0.0 9.00 15.00 24.00 OK
r-oldrel-macos-x86_64 1.0.0 11.00 23.00 34.00 OK
r-oldrel-windows-x86_64 1.0.0 32.00 69.00 101.00 OK

Check Details

Version: 1.0.0
Check: CRAN incoming feasibility
Result: NOTE Maintainer: ‘Junghi Kim <junghikim0@gmail.com>’ No Authors@R field in DESCRIPTION. Please add one, modifying Authors@R: c(person(given = "Junghi", family = "Kim", role = c("aut", "cre"), email = "junghikim0@gmail.com"), person(given = "Wei", family = "Pan", role = "aut")) as necessary. Flavors: r-devel-linux-x86_64-debian-clang, r-devel-linux-x86_64-debian-gcc