CRAN Package Check Results for Package PMCMRplus

Last updated on 2025-10-21 02:49:31 CEST.

Flavor Version Tinstall Tcheck Ttotal Status Flags
r-devel-linux-x86_64-debian-clang 1.9.12 18.54 140.65 159.19 OK
r-devel-linux-x86_64-debian-gcc 1.9.12 12.75 91.83 104.58 NOTE
r-devel-linux-x86_64-fedora-clang 1.9.12 266.42 NOTE
r-devel-linux-x86_64-fedora-gcc 1.9.12 262.15 NOTE
r-devel-windows-x86_64 1.9.12 25.00 161.00 186.00 OK
r-patched-linux-x86_64 1.9.12 24.95 134.05 159.00 OK
r-release-linux-x86_64 1.9.12 19.56 135.15 154.71 OK
r-release-macos-arm64 1.9.12 78.00 OK
r-release-macos-x86_64 1.9.12 129.00 OK
r-release-windows-x86_64 1.9.12 27.00 163.00 190.00 OK
r-oldrel-macos-arm64 1.9.12 67.00 OK
r-oldrel-macos-x86_64 1.9.12 161.00 OK
r-oldrel-windows-x86_64 1.9.12 31.00 204.00 235.00 OK

Check Details

Version: 1.9.12
Check: top-level files
Result: NOTE Found the following validation problem for the NEWS.Rd HTML conversion: NEWS.html:793:1 (inst/NEWS.Rd:410): Warning: missing </ul> before </div> NEWS.html:56:1 (inst/NEWS.Rd:20): Warning: <h4> anchor "OTHER-CHANGES" already defined NEWS.html:90:1 (inst/NEWS.Rd:38): Warning: <h4> anchor "BUG-FIXES" already defined NEWS.html:108:1 (inst/NEWS.Rd:48): Warning: <h4> anchor "OTHER-CHANGES" already defined NEWS.html:124:1 (inst/NEWS.Rd:56): Warning: <h4> anchor "BUG-FIXES" already defined NEWS.html:144:1 (inst/NEWS.Rd:68): Warning: <h4> anchor "NEW-FEATURES" already defined NEWS.html:157:1 (inst/NEWS.Rd:75): Warning: <h4> anchor "BUG-FIXES" already defined NEWS.html:173:1 (inst/NEWS.Rd:83): Warning: <h4> anchor "NEW-FEATURES" already defined NEWS.html:187:1 (inst/NEWS.Rd:91): Warning: <h4> anchor "OTHER-CHANGES" already defined NEWS.html:219:1 (inst/NEWS.Rd:107): Warning: <h4> anchor "BUG-FIX" already defined NEWS.html:235:1 (inst/NEWS.Rd:115): Warning: <h4> anchor "OTHER-CHANGES" already defined NEWS.html:272:1 (inst/NEWS.Rd:134): Warning: <h4> anchor "NEW-FEATURES" already defined NEWS.html:294:1 (inst/NEWS.Rd:146): Warning: <h4> anchor "NEW-FEATURES" already defined NEWS.html:311:1 (inst/NEWS.Rd:155): Warning: <h4> anchor "BUGFIX" already defined NEWS.html:323:1 (inst/NEWS.Rd:161): Warning: <h4> anchor "OTHER-CHANGES" already defined NEWS.html:352:1 (inst/NEWS.Rd:176): Warning: <h4> anchor "NEW-FEATURES" already defined NEWS.html:383:1 (inst/NEWS.Rd:193): Warning: <h4> anchor "OTHER-CHANGES" already defined NEWS.html:408:1 (inst/NEWS.Rd:206): Warning: <h4> anchor "NEW-FEATURES" already defined NEWS.html:421:1 (inst/NEWS.Rd:213): Warning: <h4> anchor "BUGFIX" already defined NEWS.html:440:1 (inst/NEWS.Rd:224): Warning: <h4> anchor "OTHER-CHANGES" already defined NEWS.html:460:1 (inst/NEWS.Rd:236): Warning: <h4> anchor "NEW-FEATURES" already defined NEWS.html:475:1 (inst/NEWS.Rd:243): Warning: <h4> anchor "BUGFIX" already defined NEWS.html:490:1 (inst/NEWS.Rd:250): Warning: <h4> anchor "NEW-FEATURES" already defined NEWS.html:513:1 (inst/NEWS.Rd:263): Warning: <h4> anchor "OTHER-CHANGES" already defined NEWS.html:531:1 (inst/NEWS.Rd:273): Warning: <h4> anchor "OTHER-CHANGES" already defined NEWS.html:549:1 (inst/NEWS.Rd:281): Warning: <h4> anchor "NEW-FEATURES" already defined NEWS.html:561:1 (inst/NEWS.Rd:287): Warning: <h4> anchor "OTHER-CHANGES" already defined NEWS.html:594:1 (inst/NEWS.Rd:305): Warning: <h4> anchor "NEW-FEATURES" already defined NEWS.html:607:1 (inst/NEWS.Rd:312): Warning: <h4> anchor "OTHER-CHANGES" already defined NEWS.html:622:1 (inst/NEWS.Rd:319): Warning: <h4> anchor "NEW-FEATURES" already defined NEWS.html:640:1 (inst/NEWS.Rd:329): Warning: <h4> anchor "BUGFIXES" already defined NEWS.html:657:1 (inst/NEWS.Rd:340): Warning: <h4> anchor "OTHER-CHANGES" already defined NEWS.html:674:1 (inst/NEWS.Rd:349): Warning: <h4> anchor "NEW-FEATURES" already defined NEWS.html:706:1 (inst/NEWS.Rd:367): Warning: <h4> anchor "BUGFIXES" already defined NEWS.html:727:1 (inst/NEWS.Rd:378): Warning: <h4> anchor "NEW-FEATURES" already defined NEWS.html:741:1 (inst/NEWS.Rd:386): Warning: <h4> anchor "BUGFIXES" already defined NEWS.html:756:1 (inst/NEWS.Rd:393): Warning: <h4> anchor "NEW-FEATURES" already defined NEWS.html:772:1 (inst/NEWS.Rd:401): Warning: <h4> anchor "BUGFIXES" already defined Flavor: r-devel-linux-x86_64-debian-gcc

Version: 1.9.12
Check: HTML version of manual
Result: NOTE Found the following HTML validation problems: print.PMCMR.html:53:1 (print.PMCMR.Rd:12): Warning: missing </ul> before </div> print.gesdTest.html:53:1 (print.gesdTest.Rd:12): Warning: missing </ul> before </div> print.powerOneWayPMCMR.html:54:1 (print.powerOneWayPMCMR.Rd:12): Warning: missing </ul> before </div> print.trendPMCMR.html:53:1 (print.trendPMCMR.Rd:12): Warning: missing </ul> before </div> summary.gesdTest.html:51:1 (summary.gesdTest.Rd:12): Warning: missing </ul> before </div> Flavors: r-devel-linux-x86_64-debian-gcc, r-devel-linux-x86_64-fedora-clang, r-devel-linux-x86_64-fedora-gcc