Last updated on 2025-11-12 00:50:39 CET.
| Flavor | Version | Tinstall | Tcheck | Ttotal | Status | Flags |
|---|---|---|---|---|---|---|
| r-devel-linux-x86_64-debian-clang | 0.2.0 | 13.09 | 89.08 | 102.17 | NOTE | |
| r-devel-linux-x86_64-debian-gcc | 0.2.0 | 8.74 | 63.54 | 72.28 | NOTE | |
| r-devel-linux-x86_64-fedora-clang | 0.2.0 | 29.00 | 133.37 | 162.37 | OK | |
| r-devel-linux-x86_64-fedora-gcc | 0.2.0 | 28.00 | 119.87 | 147.87 | OK | |
| r-devel-windows-x86_64 | 0.2.0 | 13.00 | 100.00 | 113.00 | OK | |
| r-patched-linux-x86_64 | 0.2.0 | 12.70 | 83.95 | 96.65 | OK | |
| r-release-linux-x86_64 | 0.2.0 | 12.71 | 83.52 | 96.23 | OK | |
| r-release-macos-arm64 | 0.2.0 | 6.00 | 43.00 | 49.00 | OK | |
| r-release-macos-x86_64 | 0.2.0 | 13.00 | 68.00 | 81.00 | OK | |
| r-release-windows-x86_64 | 0.2.0 | 13.00 | 96.00 | 109.00 | OK | |
| r-oldrel-macos-arm64 | 0.2.0 | 5.00 | 33.00 | 38.00 | OK | |
| r-oldrel-macos-x86_64 | 0.2.0 | 10.00 | 60.00 | 70.00 | OK | |
| r-oldrel-windows-x86_64 | 0.2.0 | 18.00 | 125.00 | 143.00 | OK |
Version: 0.2.0
Check: CRAN incoming feasibility
Result: NOTE
Maintainer: ‘Laura Vicente-Gonzalez <laura20vg@usal.es>’
No Authors@R field in DESCRIPTION.
Please add one, modifying
Authors@R: c(person(given = "Laura",
family = "Vicente-Gonzalez",
role = c("aut", "cre"),
email = "laura20vg@usal.es"),
person(given = c("Jose", "Luis"),
family = "Vicente-Villardon",
role = "aut"))
as necessary.
Flavors: r-devel-linux-x86_64-debian-clang, r-devel-linux-x86_64-debian-gcc