CRAN Package Check Results for Package PDtoolkit

Last updated on 2025-11-11 23:51:34 CET.

Flavor Version Tinstall Tcheck Ttotal Status Flags
r-devel-linux-x86_64-debian-clang 1.2.0 13.30 147.22 160.52 NOTE
r-devel-linux-x86_64-debian-gcc 1.2.0 10.01 100.24 110.25 NOTE
r-devel-linux-x86_64-fedora-clang 1.2.0 32.00 221.59 253.59 NOTE
r-devel-linux-x86_64-fedora-gcc 1.2.0 28.00 209.84 237.84 NOTE
r-devel-windows-x86_64 1.2.0 15.00 152.00 167.00 NOTE
r-patched-linux-x86_64 1.2.0 15.03 138.25 153.28 NOTE
r-release-linux-x86_64 1.2.0 13.51 136.90 150.41 NOTE
r-release-macos-arm64 1.2.0 5.00 55.00 60.00 NOTE
r-release-macos-x86_64 1.2.0 17.00 104.00 121.00 NOTE
r-release-windows-x86_64 1.2.0 15.00 149.00 164.00 NOTE
r-oldrel-macos-arm64 1.2.0 5.00 53.00 58.00 NOTE
r-oldrel-macos-x86_64 1.2.0 8.00 84.00 92.00 NOTE
r-oldrel-windows-x86_64 1.2.0 23.00 200.00 223.00 NOTE

Check Details

Version: 1.2.0
Check: Rd files
Result: NOTE checkRd: (-1) embedded.blocks.Rd:39: Lost braces 39 | \item{miv.threshold}{MIV (marginal information value) entrance threshold applicable only for code{"stepMIV"} method. | ^ checkRd: (-1) embedded.blocks.Rd:44: Lost braces 44 | \item{m.ch.p.val}{Significance level of p-value for marginal chi-square test applicable only for code{"stepMIV"} method. | ^ checkRd: (-1) ensemble.blocks.Rd:39: Lost braces 39 | \item{miv.threshold}{MIV (marginal information value) entrance threshold applicable only for code{"stepMIV"} method. | ^ checkRd: (-1) ensemble.blocks.Rd:44: Lost braces 44 | \item{m.ch.p.val}{Significance level of p-value for marginal chi-square test applicable only for code{"stepMIV"} method. | ^ checkRd: (-1) staged.blocks.Rd:39: Lost braces 39 | \item{miv.threshold}{MIV (marginal information value) entrance threshold applicable only for code{"stepMIV"} method. | ^ checkRd: (-1) staged.blocks.Rd:44: Lost braces 44 | \item{m.ch.p.val}{Significance level of p-value for marginal chi-square test applicable only for code{"stepMIV"} method. | ^ Flavors: r-devel-linux-x86_64-debian-clang, r-devel-linux-x86_64-debian-gcc, r-devel-linux-x86_64-fedora-clang, r-devel-linux-x86_64-fedora-gcc, r-devel-windows-x86_64, r-patched-linux-x86_64, r-release-linux-x86_64, r-release-macos-arm64, r-release-macos-x86_64, r-release-windows-x86_64, r-oldrel-macos-arm64, r-oldrel-macos-x86_64, r-oldrel-windows-x86_64