CRAN Package Check Results for Package PBImisc

Last updated on 2025-11-12 01:49:05 CET.

Flavor Version Tinstall Tcheck Ttotal Status Flags
r-devel-linux-x86_64-debian-clang 1.0 8.14 78.57 86.71 NOTE
r-devel-linux-x86_64-debian-gcc 1.0 5.55 58.36 63.91 NOTE
r-devel-linux-x86_64-fedora-clang 1.0 18.00 129.09 147.09 OK
r-devel-linux-x86_64-fedora-gcc 1.0 17.00 109.78 126.78 OK
r-devel-windows-x86_64 1.0 10.00 91.00 101.00 OK
r-patched-linux-x86_64 1.0 9.29 76.23 85.52 OK
r-release-linux-x86_64 1.0 7.01 74.81 81.82 OK
r-release-macos-arm64 1.0 4.00 36.00 40.00 OK
r-release-macos-x86_64 1.0 7.00 68.00 75.00 OK
r-release-windows-x86_64 1.0 10.00 90.00 100.00 OK
r-oldrel-macos-arm64 1.0 4.00 37.00 41.00 OK
r-oldrel-macos-x86_64 1.0 6.00 50.00 56.00 OK
r-oldrel-windows-x86_64 1.0 12.00 119.00 131.00 OK

Check Details

Version: 1.0
Check: CRAN incoming feasibility
Result: NOTE Maintainer: ‘Przemyslaw Biecek <przemyslaw.biecek@gmail.com>’ No Authors@R field in DESCRIPTION. Please add one, modifying Authors@R: person(given = "Przemyslaw", family = "Biecek", role = c("aut", "cre"), email = "przemyslaw.biecek@gmail.com") as necessary. Flavors: r-devel-linux-x86_64-debian-clang, r-devel-linux-x86_64-debian-gcc