Last updated on 2025-10-21 02:49:29 CEST.
Flavor | Version | Tinstall | Tcheck | Ttotal | Status | Flags |
---|---|---|---|---|---|---|
r-devel-linux-x86_64-debian-clang | 0.5.3 | 2.77 | 29.81 | 32.58 | OK | |
r-devel-linux-x86_64-debian-gcc | 0.5.3 | 1.96 | 24.08 | 26.04 | NOTE | |
r-devel-linux-x86_64-fedora-clang | 0.5.3 | 48.67 | NOTE | |||
r-devel-linux-x86_64-fedora-gcc | 0.5.3 | 61.12 | NOTE | |||
r-devel-windows-x86_64 | 0.5.3 | 5.00 | 53.00 | 58.00 | OK | |
r-patched-linux-x86_64 | 0.5.3 | 3.11 | 27.66 | 30.77 | OK | |
r-release-linux-x86_64 | 0.5.3 | 2.73 | 27.72 | 30.45 | OK | |
r-release-macos-arm64 | 0.5.3 | 41.00 | OK | |||
r-release-macos-x86_64 | 0.5.3 | 59.00 | OK | |||
r-release-windows-x86_64 | 0.5.3 | 6.00 | 55.00 | 61.00 | OK | |
r-oldrel-macos-arm64 | 0.5.3 | 35.00 | OK | |||
r-oldrel-macos-x86_64 | 0.5.3 | 42.00 | OK | |||
r-oldrel-windows-x86_64 | 0.5.3 | 5.00 | 59.00 | 64.00 | OK |
Version: 0.5.3
Check: HTML version of manual
Result: NOTE
Found the following HTML validation problems:
ODataQuery.html:183:1 (ODataQuery.Rd:240): Warning: <h5> anchor "Usage" already defined
ODataQuery.html:189:1 (ODataQuery.Rd:244): Warning: <h5> anchor "Arguments" already defined
ODataQuery.html:204:1 (ODataQuery.Rd:253): Warning: <h5> anchor "Examples" already defined
ODataQuery.html:226:1 (ODataQuery.Rd:270): Warning: <h5> anchor "Usage" already defined
ODataQuery.html:232:1 (ODataQuery.Rd:274): Warning: <h5> anchor "Arguments" already defined
ODataQuery.html:245:1 (ODataQuery.Rd:281): Warning: <h5> anchor "Examples" already defined
ODataQuery.html:265:1 (ODataQuery.Rd:296): Warning: <h5> anchor "Usage" already defined
ODataQuery.html:271:1 (ODataQuery.Rd:300): Warning: <h5> anchor "Arguments" already defined
ODataQuery.html:284:1 (ODataQuery.Rd:307): Warning: <h5> anchor "Examples" already defined
ODataQuery.html:305:1 (ODataQuery.Rd:323): Warning: <h5> anchor "Usage" already defined
ODataQuery.html:311:1 (ODataQuery.Rd:327): Warning: <h5> anchor "Arguments" already defined
ODataQuery.html:333:1 (ODataQuery.Rd:339): Warning: <h5> anchor "Examples" already defined
ODataQuery.html:356:1 (ODataQuery.Rd:357): Warning: <h5> anchor "Usage" already defined
ODataQuery.html:362:1 (ODataQuery.Rd:361): Warning: <h5> anchor "Arguments" already defined
ODataQuery.html:375:1 (ODataQuery.Rd:368): Warning: <h5> anchor "Examples" already defined
ODataQuery.html:396:1 (ODataQuery.Rd:384): Warning: <h5> anchor "Usage" already defined
ODataQuery.html:402:1 (ODataQuery.Rd:388): Warning: <h5> anchor "Arguments" already defined
ODataQuery.html:415:1 (ODataQuery.Rd:395): Warning: <h5> anchor "Examples" already defined
ODataQuery.html:436:1 (ODataQuery.Rd:411): Warning: <h5> anchor "Usage" already defined
ODataQuery.html:442:1 (ODataQuery.Rd:415): Warning: <h5> anchor "Arguments" already defined
ODataQuery.html:455:1 (ODataQuery.Rd:422): Warning: <h5> anchor "Examples" already defined
ODataQuery.html:476:1 (ODataQuery.Rd:438): Warning: <h5> anchor "Usage" already defined
ODataQuery.html:482:1 (ODataQuery.Rd:442): Warning: <h5> anchor "Arguments" already defined
ODataQuery.html:495:1 (ODataQuery.Rd:449): Warning: <h5> anchor "Examples" already defined
ODataQuery.html:516:1 (ODataQuery.Rd:465): Warning: <h5> anchor "Usage" already defined
ODataQuery.html:522:1 (ODataQuery.Rd:469): Warning: <h5> anchor "Arguments" already defined
ODataQuery.html:537:1 (ODataQuery.Rd:478): Warning: <h5> anchor "Examples" already defined
ODataQuery.html:558:1 (ODataQuery.Rd:494): Warning: <h5> anchor "Usage" already defined
ODataQuery.html:564:1 (ODataQuery.Rd:498): Warning: <h5> anchor "Arguments" already defined
ODataQuery.html:577:1 (ODataQuery.Rd:505): Warning: <h5> anchor "Examples" already defined
ODataQuery.html:598:1 (ODataQuery.Rd:521): Warning: <h5> anchor "Usage" already defined
ODataQuery.html:604:1 (ODataQuery.Rd:525): Warning: <h5> anchor "Arguments" already defined
ODataQuery.html:618:1 (ODataQuery.Rd:533): Warning: <h5> anchor "Examples" already defined
ODataQuery.html:640:1 (ODataQuery.Rd:550): Warning: <h5> anchor "Usage" already defined
ODataQuery.html:646:1 (ODataQuery.Rd:554): Warning: <h5> anchor "Arguments" already defined
ODataQuery.html:659:1 (ODataQuery.Rd:561): Warning: <h5> anchor "Examples" already defined
ODataQuery.html:682:1 (ODataQuery.Rd:579): Warning: <h5> anchor "Usage" already defined
ODataQuery.html:688:1 (ODataQuery.Rd:583): Warning: <h5> anchor "Arguments" already defined
ODataQuery.html:701:1 (ODataQuery.Rd:590): Warning: <h5> anchor "Examples" already defined
ODataQuery.html:723:1 (ODataQuery.Rd:607): Warning: <h5> anchor "Usage" already defined
ODataQuery.html:729:1 (ODataQuery.Rd:611): Warning: <h5> anchor "Arguments" already defined
ODataQuery.html:744:1 (ODataQuery.Rd:620): Warning: <h5> anchor "Examples" already defined
ODataQuery.html:768:1 (ODataQuery.Rd:639): Warning: <h5> anchor "Usage" already defined
ODataQuery.html:774:1 (ODataQuery.Rd:643): Warning: <h5> anchor "Arguments" already defined
ODataQuery.html:787:1 (ODataQuery.Rd:650): Warning: <h5> anchor "Examples" already defined
ODataQuery.html:810:1 (ODataQuery.Rd:668): Warning: <h5> anchor "Usage" already defined
ODataQuery.html:816:1 (ODataQuery.Rd:672): Warning: <h5> anchor "Arguments" already defined
ODataQuery.html:829:1 (ODataQuery.Rd:679): Warning: <h5> anchor "Examples" already defined
Flavor: r-devel-linux-x86_64-debian-gcc
Version: 0.5.3
Check: dependencies in R code
Result: NOTE
Namespace in Imports field not imported from: ‘R6’
All declared Imports should be used.
Flavors: r-devel-linux-x86_64-fedora-clang, r-devel-linux-x86_64-fedora-gcc