Last updated on 2025-11-12 01:49:05 CET.
| Flavor | Version | Tinstall | Tcheck | Ttotal | Status | Flags |
|---|---|---|---|---|---|---|
| r-devel-linux-x86_64-debian-clang | 1.10.1 | 340.20 | 102.72 | 442.92 | OK | |
| r-devel-linux-x86_64-debian-gcc | 1.10.1 | 198.39 | 77.31 | 275.70 | OK | |
| r-devel-linux-x86_64-fedora-clang | 1.10.1 | 900.00 | 188.53 | 1088.53 | OK | |
| r-devel-linux-x86_64-fedora-gcc | 1.10.1 | 720.00 | 11.02 | 731.02 | OK | |
| r-devel-windows-x86_64 | 1.10.1 | 361.00 | 127.00 | 488.00 | OK | |
| r-patched-linux-x86_64 | 1.10.1 | 300.20 | 101.00 | 401.20 | OK | |
| r-release-linux-x86_64 | 1.10.1 | 302.38 | 100.74 | 403.12 | OK | |
| r-release-macos-arm64 | 1.10.1 | 124.00 | 87.00 | 211.00 | OK | |
| r-release-macos-x86_64 | 1.10.1 | 124.00 | 106.00 | 230.00 | OK | |
| r-release-windows-x86_64 | 1.10.1 | 378.00 | 125.00 | 503.00 | OK | |
| r-oldrel-macos-arm64 | 1.10.1 | 119.00 | 50.00 | 169.00 | NOTE | |
| r-oldrel-macos-x86_64 | 1.10.1 | 109.00 | 93.00 | 202.00 | NOTE | |
| r-oldrel-windows-x86_64 | 1.10.1 | 353.00 | 149.00 | 502.00 | NOTE |
Version: 1.10.1
Check: installed package size
Result: NOTE
installed size is 21.3Mb
sub-directories of 1Mb or more:
doc 5.5Mb
libs 15.3Mb
Flavors: r-oldrel-macos-arm64, r-oldrel-macos-x86_64, r-oldrel-windows-x86_64