Last updated on 2025-11-12 01:49:04 CET.
| Flavor | Version | Tinstall | Tcheck | Ttotal | Status | Flags |
|---|---|---|---|---|---|---|
| r-devel-linux-x86_64-debian-clang | 0.2 | 6.12 | 50.59 | 56.71 | OK | |
| r-devel-linux-x86_64-debian-gcc | 0.2 | 4.62 | 37.46 | 42.08 | OK | |
| r-devel-linux-x86_64-fedora-clang | 0.2 | 12.00 | 75.36 | 87.36 | OK | |
| r-devel-linux-x86_64-fedora-gcc | 0.2 | 16.00 | 67.64 | 83.64 | OK | |
| r-devel-windows-x86_64 | 0.2 | 7.00 | 64.00 | 71.00 | OK | |
| r-patched-linux-x86_64 | 0.2 | 5.18 | 46.01 | 51.19 | OK | |
| r-release-linux-x86_64 | 0.2 | 5.82 | 46.69 | 52.51 | OK | |
| r-release-macos-arm64 | 0.2 | 3.00 | 26.00 | 29.00 | OK | |
| r-release-macos-x86_64 | 0.2 | 5.00 | 45.00 | 50.00 | OK | |
| r-release-windows-x86_64 | 0.2 | 6.00 | 64.00 | 70.00 | OK | |
| r-oldrel-macos-arm64 | 0.2 | 2.00 | 24.00 | 26.00 | NOTE | |
| r-oldrel-macos-x86_64 | 0.2 | 4.00 | 40.00 | 44.00 | NOTE | |
| r-oldrel-windows-x86_64 | 0.2 | 8.00 | 75.00 | 83.00 | NOTE |
Version: 0.2
Check: package dependencies
Result: NOTE
Package which this enhances but not available for checking: ‘jpndistrict’
Flavors: r-oldrel-macos-arm64, r-oldrel-macos-x86_64, r-oldrel-windows-x86_64