Last updated on 2025-11-12 01:49:04 CET.
| Flavor | Version | Tinstall | Tcheck | Ttotal | Status | Flags |
|---|---|---|---|---|---|---|
| r-devel-linux-x86_64-debian-clang | 1.0.2 | 17.31 | 133.96 | 151.27 | NOTE | |
| r-devel-linux-x86_64-debian-gcc | 1.0.2 | 10.44 | 94.89 | 105.33 | NOTE | |
| r-devel-linux-x86_64-fedora-clang | 1.0.2 | 119.00 | 132.67 | 251.67 | OK | |
| r-devel-linux-x86_64-fedora-gcc | 1.0.2 | 36.00 | 202.40 | 238.40 | OK | |
| r-devel-windows-x86_64 | 1.0.2 | 14.00 | 124.00 | 138.00 | OK | |
| r-patched-linux-x86_64 | 1.0.2 | 16.58 | 127.70 | 144.28 | OK | |
| r-release-linux-x86_64 | 1.0.2 | 14.55 | 127.94 | 142.49 | OK | |
| r-release-macos-arm64 | 1.0.2 | 9.00 | 72.00 | 81.00 | OK | |
| r-release-macos-x86_64 | 1.0.2 | 17.00 | 157.00 | 174.00 | OK | |
| r-release-windows-x86_64 | 1.0.2 | 15.00 | 130.00 | 145.00 | OK | |
| r-oldrel-macos-arm64 | 1.0.2 | 8.00 | 57.00 | 65.00 | OK | |
| r-oldrel-macos-x86_64 | 1.0.2 | 13.00 | 105.00 | 118.00 | OK | |
| r-oldrel-windows-x86_64 | 1.0.2 | 19.00 | 156.00 | 175.00 | OK |
Version: 1.0.2
Check: CRAN incoming feasibility
Result: NOTE
Maintainer: ‘Lennart Johansson <l.johansson@umcg.nl>’
No Authors@R field in DESCRIPTION.
Please add one, modifying
Authors@R: c(person(given = "Dirk",
family = "de Weerd",
role = "aut"),
person(given = "Lennart",
family = "Johansson",
role = c("aut", "cre"),
email = "l.johansson@umcg.nl"))
as necessary.
Flavors: r-devel-linux-x86_64-debian-clang, r-devel-linux-x86_64-debian-gcc