Last updated on 2025-11-12 01:49:04 CET.
| Flavor | Version | Tinstall | Tcheck | Ttotal | Status | Flags |
|---|---|---|---|---|---|---|
| r-devel-linux-x86_64-debian-clang | 1.0.1 | 6.56 | 59.97 | 66.53 | NOTE | |
| r-devel-linux-x86_64-debian-gcc | 1.0.1 | 4.61 | 42.29 | 46.90 | NOTE | |
| r-devel-linux-x86_64-fedora-clang | 1.0.1 | 13.00 | 93.75 | 106.75 | OK | |
| r-devel-linux-x86_64-fedora-gcc | 1.0.1 | 13.00 | 82.17 | 95.17 | OK | |
| r-devel-windows-x86_64 | 1.0.1 | 9.00 | 68.00 | 77.00 | OK | |
| r-patched-linux-x86_64 | 1.0.1 | 6.36 | 56.20 | 62.56 | OK | |
| r-release-linux-x86_64 | 1.0.1 | 6.79 | 56.08 | 62.87 | OK | |
| r-release-macos-arm64 | 1.0.1 | 3.00 | 23.00 | 26.00 | OK | |
| r-release-macos-x86_64 | 1.0.1 | 6.00 | 47.00 | 53.00 | OK | |
| r-release-windows-x86_64 | 1.0.1 | 9.00 | 69.00 | 78.00 | OK | |
| r-oldrel-macos-arm64 | 1.0.1 | 3.00 | 22.00 | 25.00 | OK | |
| r-oldrel-macos-x86_64 | 1.0.1 | 4.00 | 43.00 | 47.00 | OK | |
| r-oldrel-windows-x86_64 | 1.0.1 | 12.00 | 82.00 | 94.00 | OK |
Version: 1.0.1
Check: CRAN incoming feasibility
Result: NOTE
Maintainer: ‘Peifeng Ruan <pruan12@fudan.edu.cn>’
No Authors@R field in DESCRIPTION.
Please add one, modifying
Authors@R: person(given = "Peifeng",
family = "Ruan",
role = c("aut", "cre"),
email = "pruan12@fudan.edu.cn")
as necessary.
Flavors: r-devel-linux-x86_64-debian-clang, r-devel-linux-x86_64-debian-gcc