Last updated on 2025-11-12 01:49:04 CET.
| Flavor | Version | Tinstall | Tcheck | Ttotal | Status | Flags |
|---|---|---|---|---|---|---|
| r-devel-linux-x86_64-debian-clang | 1.1 | 7.31 | 53.10 | 60.41 | NOTE | |
| r-devel-linux-x86_64-debian-gcc | 1.1 | 4.97 | 37.89 | 42.86 | NOTE | |
| r-devel-linux-x86_64-fedora-clang | 1.1 | 17.00 | 79.82 | 96.82 | NOTE | |
| r-devel-linux-x86_64-fedora-gcc | 1.1 | 14.00 | 73.06 | 87.06 | NOTE | |
| r-devel-windows-x86_64 | 1.1 | 8.00 | 81.00 | 89.00 | NOTE | |
| r-patched-linux-x86_64 | 1.1 | 7.19 | 51.94 | 59.13 | OK | |
| r-release-linux-x86_64 | 1.1 | 6.85 | 51.51 | 58.36 | OK | |
| r-release-macos-arm64 | 1.1 | 3.00 | 28.00 | 31.00 | OK | |
| r-release-macos-x86_64 | 1.1 | 5.00 | 45.00 | 50.00 | OK | |
| r-release-windows-x86_64 | 1.1 | 8.00 | 79.00 | 87.00 | OK | |
| r-oldrel-macos-arm64 | 1.1 | 3.00 | 25.00 | 28.00 | OK | |
| r-oldrel-macos-x86_64 | 1.1 | 5.00 | 37.00 | 42.00 | OK | |
| r-oldrel-windows-x86_64 | 1.1 | 10.00 | 89.00 | 99.00 | OK |
Version: 1.1
Check: Rd files
Result: NOTE
checkRd: (-1) NAP-package.Rd:12-13: Only 2 columns allowed in this table (row 5 has 1)
Flavors: r-devel-linux-x86_64-debian-clang, r-devel-linux-x86_64-debian-gcc, r-devel-linux-x86_64-fedora-clang, r-devel-linux-x86_64-fedora-gcc, r-devel-windows-x86_64