Last updated on 2025-11-11 23:51:32 CET.
| Flavor | Version | Tinstall | Tcheck | Ttotal | Status | Flags |
|---|---|---|---|---|---|---|
| r-devel-linux-x86_64-debian-clang | 1.1.5 | 13.00 | 25.68 | 38.68 | NOTE | |
| r-devel-linux-x86_64-debian-gcc | 1.1.5 | 9.00 | 20.45 | 29.45 | NOTE | |
| r-devel-linux-x86_64-fedora-clang | 1.1.5 | 30.00 | 36.05 | 66.05 | OK | |
| r-devel-linux-x86_64-fedora-gcc | 1.1.5 | 24.00 | 36.26 | 60.26 | OK | |
| r-devel-windows-x86_64 | 1.1.5 | 14.00 | 58.00 | 72.00 | OK | |
| r-patched-linux-x86_64 | 1.1.5 | 12.08 | 24.25 | 36.33 | OK | |
| r-release-linux-x86_64 | 1.1.5 | 13.12 | 24.16 | 37.28 | OK | |
| r-release-macos-arm64 | 1.1.5 | 6.00 | 16.00 | 22.00 | OK | |
| r-release-macos-x86_64 | 1.1.5 | 10.00 | 26.00 | 36.00 | OK | |
| r-release-windows-x86_64 | 1.1.5 | 15.00 | 59.00 | 74.00 | OK | |
| r-oldrel-macos-arm64 | 1.1.5 | 6.00 | 22.00 | 28.00 | OK | |
| r-oldrel-macos-x86_64 | 1.1.5 | 8.00 | 22.00 | 30.00 | OK | |
| r-oldrel-windows-x86_64 | 1.1.5 | 18.00 | 70.00 | 88.00 | OK |
Version: 1.1.5
Check: CRAN incoming feasibility
Result: NOTE
Maintainer: ‘Raziur Rahman <razeeebuet@gmail.com>’
No Authors@R field in DESCRIPTION.
Please add one, modifying
Authors@R: person(given = "Raziur",
family = "Rahman",
role = c("aut", "cre"),
email = "razeeebuet@gmail.com")
as necessary.
Flavors: r-devel-linux-x86_64-debian-clang, r-devel-linux-x86_64-debian-gcc