CRAN Package Check Results for Package MultiFit

Last updated on 2025-11-12 01:49:04 CET.

Flavor Version Tinstall Tcheck Ttotal Status Flags
r-devel-linux-x86_64-debian-clang 1.1.1 31.28 52.41 83.69 NOTE
r-devel-linux-x86_64-debian-gcc 1.1.1 18.10 39.12 57.22 NOTE
r-devel-linux-x86_64-fedora-clang 1.1.1 72.00 74.97 146.97 OK
r-devel-linux-x86_64-fedora-gcc 1.1.1 66.00 77.15 143.15 OK
r-devel-windows-x86_64 1.1.1 37.00 86.00 123.00 OK
r-patched-linux-x86_64 1.1.1 31.72 49.57 81.29 OK
r-release-linux-x86_64 1.1.1 29.06 49.72 78.78 OK
r-release-macos-arm64 1.1.1 11.00 37.00 48.00 OK
r-release-macos-x86_64 1.1.1 14.00 59.00 73.00 OK
r-release-windows-x86_64 1.1.1 36.00 85.00 121.00 OK
r-oldrel-macos-arm64 1.1.1 11.00 30.00 41.00 OK
r-oldrel-macos-x86_64 1.1.1 15.00 73.00 88.00 OK
r-oldrel-windows-x86_64 1.1.1 44.00 98.00 142.00 OK

Check Details

Version: 1.1.1
Check: CRAN incoming feasibility
Result: NOTE Maintainer: ‘S. Gorsky <sgorsky@umass.edu>’ No Authors@R field in DESCRIPTION. Please add one, modifying Authors@R: c(person(given = "S.", family = "Gorsky", role = c("aut", "cre"), email = "sgorsky@umass.edu"), person(given = "L.", family = "Ma", role = "aut")) as necessary. Flavors: r-devel-linux-x86_64-debian-clang, r-devel-linux-x86_64-debian-gcc