Last updated on 2025-11-11 02:50:46 CET.
| Flavor | Version | Tinstall | Tcheck | Ttotal | Status | Flags |
|---|---|---|---|---|---|---|
| r-devel-linux-x86_64-debian-clang | 6.1 | 56.09 | 73.62 | 129.71 | OK | |
| r-devel-linux-x86_64-debian-gcc | 6.1 | 37.46 | 49.17 | 86.63 | OK | |
| r-devel-linux-x86_64-fedora-clang | 6.1 | 302.00 | -77.53 | 224.47 | OK | |
| r-devel-linux-x86_64-fedora-gcc | 6.1 | 133.00 | 79.24 | 212.24 | OK | |
| r-devel-windows-x86_64 | 6.1 | 58.00 | 95.00 | 153.00 | OK | |
| r-patched-linux-x86_64 | 6.1 | 57.98 | 67.12 | 125.10 | OK | |
| r-release-linux-x86_64 | 6.1 | 53.88 | 66.15 | 120.03 | OK | |
| r-release-macos-arm64 | 6.1 | 24.00 | 28.00 | 52.00 | OK | |
| r-release-macos-x86_64 | 6.1 | 57.00 | 94.00 | 151.00 | OK | |
| r-release-windows-x86_64 | 6.1 | 57.00 | 96.00 | 153.00 | OK | |
| r-oldrel-macos-arm64 | 6.1 | 23.00 | 31.00 | 54.00 | NOTE | |
| r-oldrel-macos-x86_64 | 6.1 | 39.00 | 76.00 | 115.00 | NOTE | |
| r-oldrel-windows-x86_64 | 6.1 | 68.00 | 119.00 | 187.00 | OK |
Version: 6.1
Check: installed package size
Result: NOTE
installed size is 7.1Mb
sub-directories of 1Mb or more:
libs 6.6Mb
Flavors: r-oldrel-macos-arm64, r-oldrel-macos-x86_64