Last updated on 2025-11-12 01:49:03 CET.
| Flavor | Version | Tinstall | Tcheck | Ttotal | Status | Flags |
|---|---|---|---|---|---|---|
| r-devel-linux-x86_64-debian-clang | 0.1-4 | 10.97 | 97.00 | 107.97 | OK | |
| r-devel-linux-x86_64-debian-gcc | 0.1-4 | 9.39 | 71.35 | 80.74 | OK | |
| r-devel-linux-x86_64-fedora-clang | 0.1-4 | 30.00 | 137.85 | 167.85 | OK | |
| r-devel-linux-x86_64-fedora-gcc | 0.1-4 | 47.00 | 133.53 | 180.53 | OK | |
| r-devel-windows-x86_64 | 0.1-4 | 23.00 | 138.00 | 161.00 | OK | |
| r-patched-linux-x86_64 | 0.1-4 | 12.53 | 92.74 | 105.27 | OK | |
| r-release-linux-x86_64 | 0.1-4 | 12.40 | 93.69 | 106.09 | OK | |
| r-release-macos-arm64 | 0.1-4 | 14.00 | 57.00 | 71.00 | OK | |
| r-release-macos-x86_64 | 0.1-4 | 23.00 | 105.00 | 128.00 | OK | |
| r-release-windows-x86_64 | 0.1-4 | 24.00 | 127.00 | 151.00 | OK | |
| r-oldrel-macos-arm64 | 0.1-4 | 8.00 | 63.00 | 71.00 | NOTE | |
| r-oldrel-macos-x86_64 | 0.1-4 | 13.00 | 125.00 | 138.00 | NOTE | |
| r-oldrel-windows-x86_64 | 0.1-4 | 29.00 | 143.00 | 172.00 | OK |
Version: 0.1-4
Check: package dependencies
Result: NOTE
Package which this enhances but not available for checking: ‘pbdMPI’
Flavors: r-oldrel-macos-arm64, r-oldrel-macos-x86_64