Last updated on 2025-11-12 01:49:03 CET.
| Flavor | Version | Tinstall | Tcheck | Ttotal | Status | Flags |
|---|---|---|---|---|---|---|
| r-devel-linux-x86_64-debian-clang | 3.1.12 | 6.48 | 88.63 | 95.11 | NOTE | |
| r-devel-linux-x86_64-debian-gcc | 3.1.12 | 4.17 | 60.34 | 64.51 | NOTE | |
| r-devel-linux-x86_64-fedora-clang | 3.1.12 | 16.00 | 137.96 | 153.96 | OK | |
| r-devel-linux-x86_64-fedora-gcc | 3.1.12 | 26.00 | 193.92 | 219.92 | OK | |
| r-devel-windows-x86_64 | 3.1.12 | 9.00 | 102.00 | 111.00 | OK | |
| r-patched-linux-x86_64 | 3.1.12 | 7.05 | 81.88 | 88.93 | OK | |
| r-release-linux-x86_64 | 3.1.12 | 5.52 | 80.89 | 86.41 | OK | |
| r-release-macos-arm64 | 3.1.12 | 3.00 | 77.00 | 80.00 | OK | |
| r-release-macos-x86_64 | 3.1.12 | 6.00 | 157.00 | 163.00 | OK | |
| r-release-windows-x86_64 | 3.1.12 | 9.00 | 101.00 | 110.00 | OK | |
| r-oldrel-macos-arm64 | 3.1.12 | 3.00 | 60.00 | 63.00 | NOTE | |
| r-oldrel-macos-x86_64 | 3.1.12 | 4.00 | 93.00 | 97.00 | NOTE | |
| r-oldrel-windows-x86_64 | 3.1.12 | 12.00 | 134.00 | 146.00 | NOTE |
Version: 3.1.12
Check: CRAN incoming feasibility
Result: NOTE
Maintainer: ‘Brian Stock <bstock09@gmail.com>’
Package CITATION file contains call(s) to old-style personList() or
as.personList(). Please use c() on person objects instead.
Package CITATION file contains call(s) to old-style citEntry(). Please
use bibentry() instead.
Flavors: r-devel-linux-x86_64-debian-clang, r-devel-linux-x86_64-debian-gcc
Version: 3.1.12
Check: LazyData
Result: NOTE
'LazyData' is specified without a 'data' directory
Flavors: r-oldrel-macos-arm64, r-oldrel-macos-x86_64, r-oldrel-windows-x86_64