CRAN Package Check Results for Package MiSPU

Last updated on 2025-11-12 01:49:03 CET.

Flavor Version Tinstall Tcheck Ttotal Status Flags
r-devel-linux-x86_64-debian-clang 1.0 33.11 84.05 117.16 NOTE
r-devel-linux-x86_64-debian-gcc 1.0 18.92 63.98 82.90 NOTE
r-devel-linux-x86_64-fedora-clang 1.0 73.00 113.30 186.30 NOTE
r-devel-linux-x86_64-fedora-gcc 1.0 52.00 122.32 174.32 NOTE
r-devel-windows-x86_64 1.0 34.00 109.00 143.00 OK
r-patched-linux-x86_64 1.0 27.60 81.78 109.38 OK
r-release-linux-x86_64 1.0 29.56 80.94 110.50 OK
r-release-macos-arm64 1.0 12.00 38.00 50.00 OK
r-release-macos-x86_64 1.0 21.00 72.00 93.00 OK
r-release-windows-x86_64 1.0 34.00 104.00 138.00 OK
r-oldrel-macos-arm64 1.0 12.00 38.00 50.00 OK
r-oldrel-macos-x86_64 1.0 16.00 55.00 71.00 OK
r-oldrel-windows-x86_64 1.0 41.00 140.00 181.00 OK

Check Details

Version: 1.0
Check: CRAN incoming feasibility
Result: NOTE Maintainer: ‘Chong Wu <wuxx0845@umn.edu>’ No Authors@R field in DESCRIPTION. Please add one, modifying Authors@R: c(person(given = "Chong", family = "Wu", role = c("aut", "cre"), email = "wuxx0845@umn.edu"), person(given = "Wei", family = "Pan", role = "aut")) as necessary. Flavors: r-devel-linux-x86_64-debian-clang, r-devel-linux-x86_64-debian-gcc

Version: 1.0
Check: compiled code
Result: NOTE File ‘MiSPU/libs/MiSPU.so’: Found no calls to: ‘R_registerRoutines’, ‘R_useDynamicSymbols’ It is good practice to register native routines and to disable symbol search. See ‘Writing portable packages’ in the ‘Writing R Extensions’ manual. Flavors: r-devel-linux-x86_64-fedora-clang, r-devel-linux-x86_64-fedora-gcc