Last updated on 2025-11-11 23:51:31 CET.
| Flavor | Version | Tinstall | Tcheck | Ttotal | Status | Flags |
|---|---|---|---|---|---|---|
| r-devel-linux-x86_64-debian-clang | 1.0.0 | 6.32 | 41.47 | 47.79 | OK | |
| r-devel-linux-x86_64-debian-gcc | 1.0.0 | 4.51 | 30.28 | 34.79 | OK | |
| r-devel-linux-x86_64-fedora-clang | 1.0.0 | 16.00 | 59.12 | 75.12 | NOTE | |
| r-devel-linux-x86_64-fedora-gcc | 1.0.0 | 15.00 | 68.97 | 83.97 | NOTE | |
| r-devel-windows-x86_64 | 1.0.0 | 10.00 | 57.00 | 67.00 | OK | |
| r-patched-linux-x86_64 | 1.0.0 | 6.19 | 39.18 | 45.37 | OK | |
| r-release-linux-x86_64 | 1.0.0 | 6.71 | 38.89 | 45.60 | OK | |
| r-release-macos-arm64 | 1.0.0 | 2.00 | 32.00 | 34.00 | OK | |
| r-release-macos-x86_64 | 1.0.0 | 5.00 | 48.00 | 53.00 | OK | |
| r-release-windows-x86_64 | 1.0.0 | 10.00 | 53.00 | 63.00 | OK | |
| r-oldrel-macos-arm64 | 1.0.0 | 3.00 | 27.00 | 30.00 | OK | |
| r-oldrel-macos-x86_64 | 1.0.0 | 5.00 | 46.00 | 51.00 | OK | |
| r-oldrel-windows-x86_64 | 1.0.0 | 11.00 | 66.00 | 77.00 | OK |
Version: 1.0.0
Check: dependencies in R code
Result: NOTE
Namespace in Imports field not imported from: ‘shinyBS’
All declared Imports should be used.
Flavors: r-devel-linux-x86_64-fedora-clang, r-devel-linux-x86_64-fedora-gcc