CRAN Package Check Results for Package Mapinguari

Last updated on 2025-11-12 01:49:02 CET.

Flavor Version Tinstall Tcheck Ttotal Status Flags
r-devel-linux-x86_64-debian-clang 2.0.1 3.04 34.22 37.26 OK
r-devel-linux-x86_64-debian-gcc 2.0.1 2.57 25.64 28.21 OK
r-devel-linux-x86_64-fedora-clang 2.0.1 56.39 NOTE
r-devel-linux-x86_64-fedora-gcc 2.0.1 54.95 NOTE
r-devel-windows-x86_64 2.0.1 6.00 52.00 58.00 OK
r-patched-linux-x86_64 2.0.1 3.43 32.53 35.96 OK
r-release-linux-x86_64 2.0.1 3.19 32.00 35.19 OK
r-release-macos-arm64 2.0.1 2.00 25.00 27.00 OK
r-release-macos-x86_64 2.0.1 3.00 33.00 36.00 OK
r-release-windows-x86_64 2.0.1 6.00 50.00 56.00 OK
r-oldrel-macos-arm64 2.0.1 2.00 20.00 22.00 OK
r-oldrel-macos-x86_64 2.0.1 3.00 28.00 31.00 OK
r-oldrel-windows-x86_64 2.0.1 7.00 61.00 68.00 OK

Check Details

Version: 2.0.1
Check: dependencies in R code
Result: NOTE Namespaces in Imports field not imported from: ‘dplyr’ ‘rlang’ ‘testthat’ All declared Imports should be used. Flavors: r-devel-linux-x86_64-fedora-clang, r-devel-linux-x86_64-fedora-gcc