CRAN Package Check Results for Package Maeswrap

Last updated on 2025-11-12 01:49:02 CET.

Flavor Version Tinstall Tcheck Ttotal Status Flags
r-devel-linux-x86_64-debian-clang 1.7 5.54 42.95 48.49 NOTE
r-devel-linux-x86_64-debian-gcc 1.7 4.08 33.72 37.80 NOTE
r-devel-linux-x86_64-fedora-clang 1.7 13.00 59.62 72.62 OK
r-devel-linux-x86_64-fedora-gcc 1.7 13.00 56.06 69.06 OK
r-devel-windows-x86_64 1.7 8.00 59.00 67.00 OK
r-patched-linux-x86_64 1.7 5.25 40.83 46.08 OK
r-release-linux-x86_64 1.7 4.95 40.77 45.72 OK
r-release-macos-arm64 1.7 3.00 31.00 34.00 OK
r-release-macos-x86_64 1.7 4.00 36.00 40.00 OK
r-release-windows-x86_64 1.7 7.00 59.00 66.00 OK
r-oldrel-macos-arm64 1.7 2.00 22.00 24.00 OK
r-oldrel-macos-x86_64 1.7 4.00 30.00 34.00 OK
r-oldrel-windows-x86_64 1.7 9.00 71.00 80.00 OK

Check Details

Version: 1.7
Check: CRAN incoming feasibility
Result: NOTE Maintainer: ‘Remko Duursma <remkoduursma@gmail.com>’ No Authors@R field in DESCRIPTION. Please add one, modifying Authors@R: person(given = "Remko", family = "Duursma", role = c("aut", "cre"), email = "remkoduursma@gmail.com") as necessary. Flavors: r-devel-linux-x86_64-debian-clang, r-devel-linux-x86_64-debian-gcc