Last updated on 2025-11-12 01:49:04 CET.
| Flavor | Version | Tinstall | Tcheck | Ttotal | Status | Flags |
|---|---|---|---|---|---|---|
| r-devel-linux-x86_64-debian-clang | 1.2.1 | 37.77 | 101.96 | 139.73 | OK | |
| r-devel-linux-x86_64-debian-gcc | 1.2.1 | 23.31 | 77.84 | 101.15 | OK | |
| r-devel-linux-x86_64-fedora-clang | 1.2.1 | 161.00 | 89.24 | 250.24 | OK | |
| r-devel-linux-x86_64-fedora-gcc | 1.2.1 | 103.00 | 142.78 | 245.78 | OK | |
| r-devel-windows-x86_64 | 1.2.1 | 54.00 | 125.00 | 179.00 | OK | |
| r-patched-linux-x86_64 | 1.2.1 | 38.86 | 102.37 | 141.23 | OK | |
| r-release-linux-x86_64 | 1.2.1 | 35.27 | 101.92 | 137.19 | OK | |
| r-release-macos-arm64 | 1.2.1 | 16.00 | 60.00 | 76.00 | OK | |
| r-release-macos-x86_64 | 1.2.1 | 19.00 | 93.00 | 112.00 | OK | |
| r-release-windows-x86_64 | 1.2.1 | 49.00 | 127.00 | 176.00 | OK | |
| r-oldrel-macos-arm64 | 1.2.1 | 14.00 | 63.00 | 77.00 | NOTE | |
| r-oldrel-macos-x86_64 | 1.2.1 | 19.00 | 100.00 | 119.00 | NOTE | |
| r-oldrel-windows-x86_64 | 1.2.1 | 61.00 | 164.00 | 225.00 | NOTE |
Version: 1.2.1
Check: for GNU extensions in Makefiles
Result: NOTE
GNU make is a SystemRequirements.
Flavors: r-oldrel-macos-arm64, r-oldrel-macos-x86_64, r-oldrel-windows-x86_64