Last updated on 2025-11-12 01:49:04 CET.
| Flavor | Version | Tinstall | Tcheck | Ttotal | Status | Flags |
|---|---|---|---|---|---|---|
| r-devel-linux-x86_64-debian-clang | 0.6 | 10.28 | 80.48 | 90.76 | NOTE | |
| r-devel-linux-x86_64-debian-gcc | 0.6 | 7.59 | 57.74 | 65.33 | NOTE | |
| r-devel-linux-x86_64-fedora-clang | 0.6 | 48.00 | 101.06 | 149.06 | OK | |
| r-devel-linux-x86_64-fedora-gcc | 0.6 | 28.00 | 106.99 | 134.99 | OK | |
| r-devel-windows-x86_64 | 0.6 | 13.00 | 83.00 | 96.00 | OK | |
| r-patched-linux-x86_64 | 0.6 | 10.10 | 76.18 | 86.28 | OK | |
| r-release-linux-x86_64 | 0.6 | 10.72 | 76.61 | 87.33 | OK | |
| r-release-macos-arm64 | 0.6 | 6.00 | 41.00 | 47.00 | OK | |
| r-release-macos-x86_64 | 0.6 | 11.00 | 72.00 | 83.00 | OK | |
| r-release-windows-x86_64 | 0.6 | 11.00 | 81.00 | 92.00 | OK | |
| r-oldrel-macos-arm64 | 0.6 | 4.00 | 35.00 | 39.00 | OK | |
| r-oldrel-macos-x86_64 | 0.6 | 7.00 | 56.00 | 63.00 | OK | |
| r-oldrel-windows-x86_64 | 0.6 | 13.00 | 104.00 | 117.00 | OK |
Version: 0.6
Check: CRAN incoming feasibility
Result: NOTE
Maintainer: ‘Chih-Li Sung <sungchih@msu.edu>’
No Authors@R field in DESCRIPTION.
Please add one, modifying
Authors@R: person(given = "Chih-Li",
family = "Sung",
role = c("aut", "cre"),
email = "sungchih@msu.edu")
as necessary.
Flavors: r-devel-linux-x86_64-debian-clang, r-devel-linux-x86_64-debian-gcc