CRAN Package Check Results for Package MLModelSelection

Last updated on 2025-11-11 23:51:31 CET.

Flavor Version Tinstall Tcheck Ttotal Status Flags
r-devel-linux-x86_64-debian-clang 1.0 30.17 33.92 64.09 NOTE
r-devel-linux-x86_64-debian-gcc 1.0 21.17 25.20 46.37 NOTE
r-devel-linux-x86_64-fedora-clang 1.0 112.00 6.33 118.33 OK
r-devel-linux-x86_64-fedora-gcc 1.0 83.00 28.46 111.46 OK
r-devel-windows-x86_64 1.0 35.00 67.00 102.00 OK
r-patched-linux-x86_64 1.0 31.73 31.09 62.82 OK
r-release-linux-x86_64 1.0 30.74 32.55 63.29 OK
r-release-macos-arm64 1.0 11.00 21.00 32.00 OK
r-release-macos-x86_64 1.0 19.00 36.00 55.00 OK
r-release-windows-x86_64 1.0 37.00 73.00 110.00 OK
r-oldrel-macos-arm64 1.0 12.00 19.00 31.00 OK
r-oldrel-macos-x86_64 1.0 16.00 28.00 44.00 OK
r-oldrel-windows-x86_64 1.0 41.00 87.00 128.00 OK

Check Details

Version: 1.0
Check: CRAN incoming feasibility
Result: NOTE Maintainer: ‘Kuo-Jung Lee <kuojunglee@mail.ncku.edu.tw>’ No Authors@R field in DESCRIPTION. Please add one, modifying Authors@R: person(given = "Kuo-Jung", family = "Lee", role = c("aut", "cre"), email = "kuojunglee@mail.ncku.edu.tw") as necessary. Flavors: r-devel-linux-x86_64-debian-clang, r-devel-linux-x86_64-debian-gcc