Last updated on 2025-11-12 01:49:03 CET.
| Flavor | Version | Tinstall | Tcheck | Ttotal | Status | Flags |
|---|---|---|---|---|---|---|
| r-devel-linux-x86_64-debian-clang | 1.6 | 18.64 | 140.78 | 159.42 | NOTE | |
| r-devel-linux-x86_64-debian-gcc | 1.6 | 14.99 | 112.78 | 127.77 | NOTE | |
| r-devel-linux-x86_64-fedora-clang | 1.6 | 78.00 | 182.94 | 260.94 | NOTE | |
| r-devel-linux-x86_64-fedora-gcc | 1.6 | 38.00 | 200.68 | 238.68 | NOTE | |
| r-devel-windows-x86_64 | 1.6 | 21.00 | 137.00 | 158.00 | NOTE | |
| r-patched-linux-x86_64 | 1.6 | 16.69 | 132.08 | 148.77 | OK | |
| r-release-linux-x86_64 | 1.6 | 17.00 | 131.41 | 148.41 | OK | |
| r-release-macos-arm64 | 1.6 | 9.00 | 52.00 | 61.00 | OK | |
| r-release-macos-x86_64 | 1.6 | 17.00 | 108.00 | 125.00 | OK | |
| r-release-windows-x86_64 | 1.6 | 20.00 | 135.00 | 155.00 | OK | |
| r-oldrel-macos-arm64 | 1.6 | 9.00 | 57.00 | 66.00 | OK | |
| r-oldrel-macos-x86_64 | 1.6 | 18.00 | 115.00 | 133.00 | OK | |
| r-oldrel-windows-x86_64 | 1.6 | 27.00 | 169.00 | 196.00 | OK |
Version: 1.6
Check: Rd files
Result: NOTE
checkRd: (-1) MLE-package.Rd:11-17: Only 3 columns allowed in this table (row 1 has 2)
checkRd: (-1) MLE-package.Rd:11-17: Only 3 columns allowed in this table (row 2 has 2)
checkRd: (-1) MLE-package.Rd:11-17: Only 3 columns allowed in this table (row 3 has 2)
checkRd: (-1) MLE-package.Rd:11-17: Only 3 columns allowed in this table (row 4 has 2)
checkRd: (-1) MLE-package.Rd:11-17: Only 3 columns allowed in this table (row 5 has 2)
Flavors: r-devel-linux-x86_64-debian-clang, r-devel-linux-x86_64-debian-gcc, r-devel-linux-x86_64-fedora-clang, r-devel-linux-x86_64-fedora-gcc, r-devel-windows-x86_64