Last updated on 2025-11-12 01:49:03 CET.
| Flavor | Version | Tinstall | Tcheck | Ttotal | Status | Flags |
|---|---|---|---|---|---|---|
| r-devel-linux-x86_64-debian-clang | 1.4.0 | 4.81 | 600.23 | 605.04 | NOTE | |
| r-devel-linux-x86_64-debian-gcc | 1.4.0 | 3.37 | 444.78 | 448.15 | NOTE | |
| r-devel-linux-x86_64-fedora-clang | 1.4.0 | 986.59 | NOTE | |||
| r-devel-linux-x86_64-fedora-gcc | 1.4.0 | 1051.02 | NOTE | |||
| r-devel-windows-x86_64 | 1.4.0 | 9.00 | 779.00 | 788.00 | NOTE | |
| r-patched-linux-x86_64 | 1.4.0 | 5.46 | 594.69 | 600.15 | OK | |
| r-release-linux-x86_64 | 1.4.0 | 4.52 | 594.68 | 599.20 | OK | |
| r-release-macos-arm64 | 1.4.0 | 2.00 | 342.00 | 344.00 | OK | |
| r-release-macos-x86_64 | 1.4.0 | 4.00 | 772.00 | 776.00 | OK | |
| r-release-windows-x86_64 | 1.4.0 | 9.00 | 794.00 | 803.00 | OK | |
| r-oldrel-macos-arm64 | 1.4.0 | 2.00 | 345.00 | 347.00 | OK | |
| r-oldrel-macos-x86_64 | 1.4.0 | 5.00 | 883.00 | 888.00 | OK | |
| r-oldrel-windows-x86_64 | 1.4.0 | 10.00 | 1008.00 | 1018.00 | OK |
Version: 1.4.0
Check: Rd files
Result: NOTE
checkRd: (-1) MIAmaxent-package.Rd:28-29: height/width attributes should be in pixels
Flavors: r-devel-linux-x86_64-debian-clang, r-devel-linux-x86_64-debian-gcc, r-devel-linux-x86_64-fedora-clang, r-devel-linux-x86_64-fedora-gcc, r-devel-windows-x86_64