Last updated on 2025-11-12 01:49:03 CET.
| Flavor | Version | Tinstall | Tcheck | Ttotal | Status | Flags |
|---|---|---|---|---|---|---|
| r-devel-linux-x86_64-debian-clang | 4.9.41 | 18.71 | 103.23 | 121.94 | OK | |
| r-devel-linux-x86_64-debian-gcc | 4.9.41 | 10.20 | 67.97 | 78.17 | OK | |
| r-devel-linux-x86_64-fedora-clang | 4.9.41 | 74.00 | 123.49 | 197.49 | OK | |
| r-devel-linux-x86_64-fedora-gcc | 4.9.41 | 34.00 | 139.40 | 173.40 | OK | |
| r-devel-windows-x86_64 | 4.9.41 | 21.00 | 118.00 | 139.00 | OK | |
| r-patched-linux-x86_64 | 4.9.41 | 20.88 | 96.99 | 117.87 | OK | |
| r-release-linux-x86_64 | 4.9.41 | 17.91 | 98.64 | 116.55 | OK | |
| r-release-macos-arm64 | 4.9.41 | 7.00 | 34.00 | 41.00 | OK | |
| r-release-macos-x86_64 | 4.9.41 | 14.00 | 70.00 | 84.00 | OK | |
| r-release-windows-x86_64 | 4.9.41 | 22.00 | 117.00 | 139.00 | OK | |
| r-oldrel-macos-arm64 | 4.9.41 | 6.00 | 39.00 | 45.00 | OK | |
| r-oldrel-macos-x86_64 | 4.9.41 | 13.00 | 72.00 | 85.00 | OK | |
| r-oldrel-windows-x86_64 | 4.9.41 | 1.00 | 9.00 | 10.00 | ERROR |
Version: 4.9.41
Check: package dependencies
Result: ERROR
Package required but not available: 'OpenMx'
See section 'The DESCRIPTION file' in the 'Writing R Extensions'
manual.
Flavor: r-oldrel-windows-x86_64