Last updated on 2025-11-11 02:50:45 CET.
| Flavor | Version | Tinstall | Tcheck | Ttotal | Status | Flags |
|---|---|---|---|---|---|---|
| r-devel-linux-x86_64-debian-clang | 2.7.2 | 155.17 | 159.30 | 314.47 | OK | |
| r-devel-linux-x86_64-debian-gcc | 2.7.2 | 98.65 | 103.52 | 202.17 | OK | |
| r-devel-linux-x86_64-fedora-clang | 2.7.2 | 426.00 | 172.36 | 598.36 | OK | |
| r-devel-linux-x86_64-fedora-gcc | 2.7.2 | 547.00 | -2.04 | 544.96 | OK | |
| r-devel-windows-x86_64 | 2.7.2 | 172.00 | 174.00 | 346.00 | OK | |
| r-patched-linux-x86_64 | 2.7.2 | 152.99 | 150.89 | 303.88 | OK | |
| r-release-linux-x86_64 | 2.7.2 | 144.21 | 146.13 | 290.34 | OK | |
| r-release-macos-arm64 | 2.7.2 | 62.00 | 60.00 | 122.00 | OK | |
| r-release-macos-x86_64 | 2.7.2 | 76.00 | 146.00 | 222.00 | OK | |
| r-release-windows-x86_64 | 2.7.2 | 175.00 | 172.00 | 347.00 | OK | |
| r-oldrel-macos-arm64 | 2.7.2 | 53.00 | 63.00 | 116.00 | NOTE | |
| r-oldrel-macos-x86_64 | 2.7.2 | 71.00 | 125.00 | 196.00 | NOTE | |
| r-oldrel-windows-x86_64 | 2.7.2 | 217.00 | 217.00 | 434.00 | NOTE |
Version: 2.7.2
Check: installed package size
Result: NOTE
installed size is 9.7Mb
sub-directories of 1Mb or more:
R 2.1Mb
data 2.3Mb
libs 5.1Mb
Flavors: r-oldrel-macos-arm64, r-oldrel-macos-x86_64, r-oldrel-windows-x86_64