Last updated on 2025-11-12 01:49:02 CET.
| Flavor | Version | Tinstall | Tcheck | Ttotal | Status | Flags |
|---|---|---|---|---|---|---|
| r-devel-linux-x86_64-debian-clang | 2.0.4 | 9.85 | 83.60 | 93.45 | NOTE | |
| r-devel-linux-x86_64-debian-gcc | 2.0.4 | 6.53 | 61.05 | 67.58 | NOTE | |
| r-devel-linux-x86_64-fedora-clang | 2.0.4 | 49.00 | 104.25 | 153.25 | OK | |
| r-devel-linux-x86_64-fedora-gcc | 2.0.4 | 49.00 | 112.52 | 161.52 | OK | |
| r-devel-windows-x86_64 | 2.0.4 | 13.00 | 92.00 | 105.00 | OK | |
| r-patched-linux-x86_64 | 2.0.4 | 9.29 | 80.23 | 89.52 | OK | |
| r-release-linux-x86_64 | 2.0.4 | 9.41 | 80.88 | 90.29 | OK | |
| r-release-macos-arm64 | 2.0.4 | 5.00 | 73.00 | 78.00 | OK | |
| r-release-macos-x86_64 | 2.0.4 | 8.00 | 82.00 | 90.00 | OK | |
| r-release-windows-x86_64 | 2.0.4 | 13.00 | 89.00 | 102.00 | OK | |
| r-oldrel-macos-arm64 | 2.0.4 | 4.00 | 48.00 | 52.00 | OK | |
| r-oldrel-macos-x86_64 | 2.0.4 | 6.00 | 68.00 | 74.00 | OK | |
| r-oldrel-windows-x86_64 | 2.0.4 | 15.00 | 117.00 | 132.00 | OK |
Version: 2.0.4
Check: CRAN incoming feasibility
Result: NOTE
Maintainer: ‘John Chaston <john_chaston@byu.edu>’
Found the following (possibly) invalid file URI:
URI: www.orthomcl.org
From: inst/doc/using_mag.html
Flavors: r-devel-linux-x86_64-debian-clang, r-devel-linux-x86_64-debian-gcc