Last updated on 2025-11-12 01:49:02 CET.
| Flavor | Version | Tinstall | Tcheck | Ttotal | Status | Flags |
|---|---|---|---|---|---|---|
| r-devel-linux-x86_64-debian-clang | 2.0 | 4.32 | 40.84 | 45.16 | OK | |
| r-devel-linux-x86_64-debian-gcc | 2.0 | 3.09 | 30.75 | 33.84 | OK | |
| r-devel-linux-x86_64-fedora-clang | 2.0 | 24.00 | 51.67 | 75.67 | OK | |
| r-devel-linux-x86_64-fedora-gcc | 2.0 | 20.00 | 67.17 | 87.17 | OK | |
| r-devel-windows-x86_64 | 2.0 | 7.00 | 59.00 | 66.00 | OK | |
| r-patched-linux-x86_64 | 2.0 | 4.23 | 38.04 | 42.27 | OK | |
| r-release-linux-x86_64 | 2.0 | 4.06 | 38.38 | 42.44 | OK | |
| r-release-macos-arm64 | 2.0 | 3.00 | 39.00 | 42.00 | OK | |
| r-release-macos-x86_64 | 2.0 | 4.00 | 48.00 | 52.00 | OK | |
| r-release-windows-x86_64 | 2.0 | 6.00 | 57.00 | 63.00 | OK | |
| r-oldrel-macos-arm64 | 2.0 | 2.00 | 27.00 | 29.00 | NOTE | |
| r-oldrel-macos-x86_64 | 2.0 | 3.00 | 41.00 | 44.00 | NOTE | |
| r-oldrel-windows-x86_64 | 2.0 | 8.00 | 71.00 | 79.00 | NOTE |
Version: 2.0
Check: LazyData
Result: NOTE
'LazyData' is specified without a 'data' directory
Flavors: r-oldrel-macos-arm64, r-oldrel-macos-x86_64, r-oldrel-windows-x86_64