Last updated on 2025-11-12 01:49:02 CET.
| Flavor | Version | Tinstall | Tcheck | Ttotal | Status | Flags |
|---|---|---|---|---|---|---|
| r-devel-linux-x86_64-debian-clang | 1.0.0 | 4.64 | 28.22 | 32.86 | OK | |
| r-devel-linux-x86_64-debian-gcc | 1.0.0 | 3.17 | 21.39 | 24.56 | OK | |
| r-devel-linux-x86_64-fedora-clang | 1.0.0 | 24.00 | 30.43 | 54.43 | OK | |
| r-devel-linux-x86_64-fedora-gcc | 1.0.0 | 22.00 | 29.49 | 51.49 | OK | |
| r-devel-windows-x86_64 | 1.0.0 | 6.00 | 46.00 | 52.00 | OK | |
| r-patched-linux-x86_64 | 1.0.0 | 3.75 | 27.45 | 31.20 | OK | |
| r-release-linux-x86_64 | 1.0.0 | 3.76 | 27.52 | 31.28 | OK | |
| r-release-macos-arm64 | 1.0.0 | 4.00 | 29.00 | 33.00 | OK | |
| r-release-macos-x86_64 | 1.0.0 | 4.00 | 32.00 | 36.00 | OK | |
| r-release-windows-x86_64 | 1.0.0 | 6.00 | 45.00 | 51.00 | OK | |
| r-oldrel-macos-arm64 | 1.0.0 | 2.00 | 17.00 | 19.00 | NOTE | |
| r-oldrel-macos-x86_64 | 1.0.0 | 3.00 | 23.00 | 26.00 | NOTE | |
| r-oldrel-windows-x86_64 | 1.0.0 | 8.00 | 52.00 | 60.00 | NOTE |
Version: 1.0.0
Check: LazyData
Result: NOTE
'LazyData' is specified without a 'data' directory
Flavors: r-oldrel-macos-arm64, r-oldrel-macos-x86_64, r-oldrel-windows-x86_64