Last updated on 2025-11-12 01:49:02 CET.
| Flavor | Version | Tinstall | Tcheck | Ttotal | Status | Flags |
|---|---|---|---|---|---|---|
| r-devel-linux-x86_64-debian-clang | 1.2 | 6.26 | 61.34 | 67.60 | NOTE | |
| r-devel-linux-x86_64-debian-gcc | 1.2 | 5.13 | 45.09 | 50.22 | NOTE | |
| r-devel-linux-x86_64-fedora-clang | 1.2 | 75.00 | 39.35 | 114.35 | OK | |
| r-devel-linux-x86_64-fedora-gcc | 1.2 | 30.00 | 74.29 | 104.29 | OK | |
| r-devel-windows-x86_64 | 1.2 | 8.00 | 77.00 | 85.00 | OK | |
| r-patched-linux-x86_64 | 1.2 | 6.55 | 58.07 | 64.62 | OK | |
| r-release-linux-x86_64 | 1.2 | 6.82 | 57.25 | 64.07 | OK | |
| r-release-macos-arm64 | 1.2 | 3.00 | 25.00 | 28.00 | OK | |
| r-release-macos-x86_64 | 1.2 | 5.00 | 42.00 | 47.00 | OK | |
| r-release-windows-x86_64 | 1.2 | 8.00 | 77.00 | 85.00 | OK | |
| r-oldrel-macos-arm64 | 1.2 | 3.00 | 25.00 | 28.00 | NOTE | |
| r-oldrel-macos-x86_64 | 1.2 | 4.00 | 35.00 | 39.00 | NOTE | |
| r-oldrel-windows-x86_64 | 1.2 | 12.00 | 88.00 | 100.00 | NOTE |
Version: 1.2
Check: CRAN incoming feasibility
Result: NOTE
Maintainer: ‘Sara Algeri <salgeri@umn.edu>’
No Authors@R field in DESCRIPTION.
Please add one, modifying
Authors@R: c(person(given = "Sara",
family = "Algeri",
role = c("aut", "cre"),
email = "salgeri@umn.edu"),
person(given = "Haoran",
family = "Liu",
role = "aut",
email = "liu00728@umn.edu"))
as necessary.
The Description field contains
S. (2019) <arXiv:1906.06615>.
Please refer to arXiv e-prints via their arXiv DOI <doi:10.48550/arXiv.YYMM.NNNNN>.
Flavors: r-devel-linux-x86_64-debian-clang, r-devel-linux-x86_64-debian-gcc
Version: 1.2
Check: LazyData
Result: NOTE
'LazyData' is specified without a 'data' directory
Flavors: r-oldrel-macos-arm64, r-oldrel-macos-x86_64, r-oldrel-windows-x86_64