Last updated on 2025-11-22 01:49:10 CET.
| Flavor | Version | Tinstall | Tcheck | Ttotal | Status | Flags |
|---|---|---|---|---|---|---|
| r-devel-linux-x86_64-debian-clang | 0.1.0 | 2.75 | 35.43 | 38.18 | NOTE | |
| r-devel-linux-x86_64-debian-gcc | 0.1.0 | 1.77 | 26.94 | 28.71 | NOTE | |
| r-devel-linux-x86_64-fedora-clang | 0.1.0 | 56.83 | OK | |||
| r-devel-windows-x86_64 | 0.1.0 | 6.00 | 48.00 | 54.00 | OK | |
| r-patched-linux-x86_64 | 0.1.0 | 2.89 | 31.25 | 34.14 | OK | |
| r-release-linux-x86_64 | 0.1.0 | 2.61 | 31.45 | 34.06 | OK | |
| r-release-macos-arm64 | 0.1.0 | OK | ||||
| r-release-macos-x86_64 | 0.1.0 | 2.00 | 39.00 | 41.00 | OK | |
| r-release-windows-x86_64 | 0.1.0 | 5.00 | 49.00 | 54.00 | OK | |
| r-oldrel-macos-arm64 | 0.1.0 | OK | ||||
| r-oldrel-macos-x86_64 | 0.1.0 | 2.00 | 36.00 | 38.00 | OK | |
| r-oldrel-windows-x86_64 | 0.1.0 | 7.00 | 58.00 | 65.00 | OK |
Version: 0.1.0
Check: CRAN incoming feasibility
Result: NOTE
Maintainer: ‘Zhen Huang <zh2395@columbia.edu>’
The Description field contains
Sen (2022) <arXiv:2210.00634>.
Please refer to arXiv e-prints via their arXiv DOI <doi:10.48550/arXiv.YYMM.NNNNN>.
Flavors: r-devel-linux-x86_64-debian-clang, r-devel-linux-x86_64-debian-gcc