CRAN Package Check Results for Package KCSNBShiny

Last updated on 2025-11-12 01:49:01 CET.

Flavor Version Tinstall Tcheck Ttotal Status Flags
r-devel-linux-x86_64-debian-clang 0.1.0 16.36 119.23 135.59 NOTE
r-devel-linux-x86_64-debian-gcc 0.1.0 11.15 85.40 96.55 NOTE
r-devel-linux-x86_64-fedora-clang 0.1.0 72.00 147.95 219.95 OK
r-devel-linux-x86_64-fedora-gcc 0.1.0 73.00 136.09 209.09 OK
r-devel-windows-x86_64 0.1.0 16.00 118.00 134.00 OK
r-patched-linux-x86_64 0.1.0 14.26 110.85 125.11 OK
r-release-linux-x86_64 0.1.0 14.00 111.13 125.13 OK
r-release-macos-arm64 0.1.0 6.00 44.00 50.00 OK
r-release-macos-x86_64 0.1.0 10.00 81.00 91.00 OK
r-release-windows-x86_64 0.1.0 15.00 115.00 130.00 OK
r-oldrel-macos-arm64 0.1.0 6.00 42.00 48.00 OK
r-oldrel-macos-x86_64 0.1.0 9.00 72.00 81.00 OK
r-oldrel-windows-x86_64 0.1.0 21.00 151.00 172.00 OK

Check Details

Version: 0.1.0
Check: CRAN incoming feasibility
Result: NOTE Maintainer: ‘Karne Chaithanya Sai <karnechaithanyasai@gmail.com>’ No Authors@R field in DESCRIPTION. Please add one, modifying Authors@R: person(given = c("Karne", "Chaithanya"), family = "Sai", role = c("aut", "cre"), email = "karnechaithanyasai@gmail.com") as necessary. Flavors: r-devel-linux-x86_64-debian-clang, r-devel-linux-x86_64-debian-gcc