Last updated on 2025-11-12 01:49:01 CET.
| Flavor | Version | Tinstall | Tcheck | Ttotal | Status | Flags |
|---|---|---|---|---|---|---|
| r-devel-linux-x86_64-debian-clang | 0.3-4 | 11.31 | 33.30 | 44.61 | NOTE | |
| r-devel-linux-x86_64-debian-gcc | 0.3-4 | 8.95 | 27.24 | 36.19 | NOTE | |
| r-devel-linux-x86_64-fedora-clang | 0.3-4 | 43.00 | 33.76 | 76.76 | OK | |
| r-devel-linux-x86_64-fedora-gcc | 0.3-4 | 58.00 | 34.09 | 92.09 | OK | |
| r-devel-windows-x86_64 | 0.3-4 | 14.00 | 74.00 | 88.00 | OK | |
| r-patched-linux-x86_64 | 0.3-4 | 12.58 | 32.49 | 45.07 | OK | |
| r-release-linux-x86_64 | 0.3-4 | 12.49 | 32.64 | 45.13 | OK | |
| r-release-macos-arm64 | 0.3-4 | 5.00 | 24.00 | 29.00 | OK | |
| r-release-macos-x86_64 | 0.3-4 | 8.00 | 46.00 | 54.00 | OK | |
| r-release-windows-x86_64 | 0.3-4 | 16.00 | 71.00 | 87.00 | OK | |
| r-oldrel-macos-arm64 | 0.3-4 | 6.00 | 22.00 | 28.00 | OK | |
| r-oldrel-macos-x86_64 | 0.3-4 | 8.00 | 37.00 | 45.00 | OK | |
| r-oldrel-windows-x86_64 | 0.3-4 | 15.00 | 87.00 | 102.00 | OK |
Version: 0.3-4
Check: CRAN incoming feasibility
Result: NOTE
Maintainer: ‘Bill Venables <Bill.Venables@gmail.com>’
No Authors@R field in DESCRIPTION.
Please add one, modifying
Authors@R: person(given = "Bill",
family = "Venables",
role = c("aut", "cre"),
email = "bill.venables@gmail.com")
as necessary.
Flavors: r-devel-linux-x86_64-debian-clang, r-devel-linux-x86_64-debian-gcc