Last updated on 2025-11-12 01:49:01 CET.
| Flavor | Version | Tinstall | Tcheck | Ttotal | Status | Flags |
|---|---|---|---|---|---|---|
| r-devel-linux-x86_64-debian-clang | 1.1.3 | 3.77 | 167.62 | 171.39 | OK | |
| r-devel-linux-x86_64-debian-gcc | 1.1.3 | 2.27 | 98.61 | 100.88 | OK | |
| r-devel-linux-x86_64-fedora-clang | 1.1.3 | 13.00 | 261.76 | 274.76 | NOTE | |
| r-devel-linux-x86_64-fedora-gcc | 1.1.3 | 18.00 | 238.93 | 256.93 | NOTE | |
| r-devel-windows-x86_64 | 1.1.3 | 5.00 | 273.00 | 278.00 | OK | |
| r-patched-linux-x86_64 | 1.1.3 | 2.82 | 164.30 | 167.12 | OK | |
| r-release-linux-x86_64 | 1.1.3 | 3.64 | 164.79 | 168.43 | OK | |
| r-release-macos-arm64 | 1.1.3 | 2.00 | 98.00 | 100.00 | OK | |
| r-release-macos-x86_64 | 1.1.3 | 3.00 | 125.00 | 128.00 | OK | |
| r-release-windows-x86_64 | 1.1.3 | 5.00 | 263.00 | 268.00 | OK | |
| r-oldrel-macos-arm64 | 1.1.3 | 2.00 | 71.00 | 73.00 | OK | |
| r-oldrel-macos-x86_64 | 1.1.3 | 3.00 | 102.00 | 105.00 | OK | |
| r-oldrel-windows-x86_64 | 1.1.3 | 7.00 | 360.00 | 367.00 | OK |
Version: 1.1.3
Check: dependencies in R code
Result: NOTE
Namespaces in Imports field not imported from:
‘curl’ ‘readxl’
All declared Imports should be used.
Flavors: r-devel-linux-x86_64-fedora-clang, r-devel-linux-x86_64-fedora-gcc