Last updated on 2025-11-11 23:51:29 CET.
| Flavor | Version | Tinstall | Tcheck | Ttotal | Status | Flags |
|---|---|---|---|---|---|---|
| r-devel-linux-x86_64-debian-clang | 2.5.5 | 31.40 | 253.88 | 285.28 | NOTE | |
| r-devel-linux-x86_64-debian-gcc | 2.5.5 | 17.79 | 157.86 | 175.65 | NOTE | |
| r-devel-linux-x86_64-fedora-clang | 2.5.5 | 129.00 | 345.07 | 474.07 | NOTE | |
| r-devel-linux-x86_64-fedora-gcc | 2.5.5 | 108.00 | 336.40 | 444.40 | NOTE | |
| r-devel-windows-x86_64 | 2.5.5 | 28.00 | 205.00 | 233.00 | NOTE | |
| r-patched-linux-x86_64 | 2.5.5 | 30.23 | 239.33 | 269.56 | NOTE | |
| r-release-linux-x86_64 | 2.5.5 | 31.02 | 238.75 | 269.77 | NOTE | |
| r-release-macos-arm64 | 2.5.5 | 11.00 | 81.00 | 92.00 | NOTE | |
| r-release-macos-x86_64 | 2.5.5 | 23.00 | 167.00 | 190.00 | NOTE | |
| r-release-windows-x86_64 | 2.5.5 | 26.00 | 204.00 | 230.00 | NOTE | |
| r-oldrel-macos-arm64 | 2.5.5 | 11.00 | 77.00 | 88.00 | NOTE | |
| r-oldrel-macos-x86_64 | 2.5.5 | 17.00 | 123.00 | 140.00 | NOTE | |
| r-oldrel-windows-x86_64 | 2.5.5 | 39.00 | 290.00 | 329.00 | NOTE |
Version: 2.5.5
Check: Rd files
Result: NOTE
checkRd: (-1) is_israd_database.Rd:19: Lost braces in \itemize; meant \describe ?
checkRd: (-1) is_israd_database.Rd:20: Lost braces in \itemize; meant \describe ?
checkRd: (-1) is_israd_database.Rd:21: Lost braces in \itemize; meant \describe ?
checkRd: (-1) is_israd_database.Rd:22: Lost braces in \itemize; meant \describe ?
checkRd: (-1) is_israd_database.Rd:23: Lost braces in \itemize; meant \describe ?
checkRd: (-1) is_israd_database.Rd:24: Lost braces in \itemize; meant \describe ?
checkRd: (-1) is_israd_database.Rd:25: Lost braces in \itemize; meant \describe ?
checkRd: (-1) is_israd_database.Rd:26: Lost braces in \itemize; meant \describe ?
Flavors: r-devel-linux-x86_64-debian-clang, r-devel-linux-x86_64-debian-gcc, r-devel-linux-x86_64-fedora-clang, r-devel-linux-x86_64-fedora-gcc, r-devel-windows-x86_64, r-patched-linux-x86_64, r-release-linux-x86_64, r-release-macos-arm64, r-release-macos-x86_64, r-release-windows-x86_64, r-oldrel-macos-arm64, r-oldrel-macos-x86_64, r-oldrel-windows-x86_64